{"id":2,"date":"2012-01-13T11:25:09","date_gmt":"2012-01-13T11:25:09","guid":{"rendered":"https:\/\/fiaf.net\/agoradicult\/?page_id=2"},"modified":"2012-01-13T11:25:09","modified_gmt":"2012-01-13T11:25:09","slug":"presentazione","status":"publish","type":"page","link":"https:\/\/fiaf.net\/agoradicult\/presentazione\/","title":{"rendered":"Presentazione"},"content":{"rendered":"<p style=\"text-align: justify\">Il Blog \u201cAgor\u00e0 Di Cult\u201d \u00e8 la piazza virtuale in cui gli iscritti del Dipartimento Cultura lavorano insieme.<br \/>\nIl concetto di lavoro \u00e8 fondamentale per realizzare un blog che sia duraturo nel tempo e utile ai suoi utenti, i quali, per la natura stessa dello stesso, desiderano accrescere la propria cultura fotografica condividendone le conoscenze.\u00a0La durevolezza \u00e8 strettamente legata alla capacit\u00e0 di rinnovarsi con leggerezza, nella forma e nei contenuti, per essere, oltre che interessante, anche uno strumento di comunicazione piacevole che trasmette serenit\u00e0.\u00a0L\u2019utilit\u00e0 \u00e8 legata alla quantit\u00e0, alla variet\u00e0, l\u2019aggiornamento e la qualit\u00e0 dei contenuti, alla loro gradevole leggibilit\u00e0, alla loro conservazione nel tempo e quindi renderli disponibili per la consultazione anche a posteriori.<\/p>\n<p>Questo progetto di Blog evidentemente non conduce a un network di relazione come Facebook, ma di studio pi\u00f9 simile a Wikipedia. Di Wikipedia mantiene la struttura di approfondimento di un determinato argomento affidato al volontariato culturale ma essendo lo studio condotto collettivamente ci sar\u00e0 anche il modo di comunicare tra i componenti del gruppo di lavoro, in modo costruttivo ed efficace allo specifico progetto.\u00a0La Cultura vive attraverso i contributi di approfondimento e il rispetto delle idee diverse dalla propria. La grande libert\u00e0 dell\u2019autocandidatura presuppone un pari senso di responsabilit\u00e0.\u00a0Chiunque potr\u00e0 richiedere, al Direttore del Dipartimento Cultura, la pubblicazione di un proprio Post nel quale avr\u00e0 esposto lo studio di un argomento specifico e pertinente alle tematiche fotografiche.<\/p>\n<p>Il livello culturale del Post potr\u00e0 essere di tutti i generi: da quello del principiante a quello dell\u2019esperto.\u00a0I commenti al Post pubblicato dovranno essere rispettosi, pertinenti, e possibilmente formulati in una sola emissione per Post.\u00a0Se un componente ritiene di non condividere l\u2019analisi di un Post potr\u00e0 richiedere la pubblicazione di uno suo, nel quale avr\u00e0 la facolt\u00e0 di esporre le proprie diverse tesi.\u00a0Non verranno pubblicati i Post e i commenti animati da atteggiamenti irrispettosi, polemici, litigiosi.<br \/>\nIl Blog \u201cAgor\u00e0 Di Cult\u201d \u00e8 luogo virtuale di incontro e confronto di conoscenze ma non di scontro o di azioni condotte per convincere a cambiare le proprie opinioni. Gli iscritti leggeranno i Post, potranno approfondire e poi con serenit\u00e0 e libert\u00e0 trarranno le proprie conclusioni.\u00a0Verr\u00e0 messo a punto un regolamento per assicurare il raggiungimento di questo modello culturale del Blog.<\/p>\n<p style=\"text-align: justify\">I Post pubblicati verranno conservati per ora in tre grandi archivi:<\/p>\n<ul style=\"text-align: justify\">\n<li><strong>Biblioteca<\/strong><\/li>\n<li><strong>Galleria fotografica<\/strong><\/li>\n<li><strong>Eventi fotografici<br \/>\n<\/strong><\/li>\n<li>La <strong>Biblioteca<\/strong> verr\u00e0 classificata nei diversi contenuti tematici che verranno determinati dai Post di studio dei libri e delle pubblicazioni inerenti al fotografico, ad esempio: Tecnica fotografica, libri fotografici, saggistica, fototerapia, estetica, comunicazione, ecc\u2026<\/li>\n<li>La <strong>Galleria fotografica<\/strong> raccoglier\u00e0 i Post dedicati alle opere fotografiche ed i rispettivi autori sia del passato che del contemporaneo.<\/li>\n<li>Negli <strong>Eventi fotografici<\/strong> verranno raccolti i Post riguardanti le riflessioni conseguenti alla partecipazione a festival, conferenze, dibattiti, workshop, mostre, ecc\u2026<\/li>\n<\/ul>\n<p style=\"text-align: justify\">Approfondiremo nei prossimi comunicati come si realizzano i Post da pubblicare nel Blog.\u00a0Ora immaginate quale patrimonio di conoscenze fotografiche condivise si potr\u00e0 formare nel tempo se ognuno di noi pubblicher\u00e0, in forma di Post, tutto ci\u00f2 che ama della fotografia.<\/p>\n<p style=\"text-align: justify\"><strong>Silvano Bicocchi<\/strong><br \/>\n<strong> Direttore del Dipartimento Cultura<\/strong><\/p>\n\n    <div class=\"xs_social_share_widget xs_share_url after_content \t\tmain_content  wslu-style-1 wslu-share-box-shaped wslu-fill-colored wslu-none wslu-share-horizontal wslu-theme-font-no wslu-main_content\">\n\n\t\t\n        <ul>\n\t\t\t        <\/ul>\n    <\/div> \n","protected":false},"excerpt":{"rendered":"<p>Il Blog \u201cAgor\u00e0 Di Cult\u201d \u00e8 la piazza virtuale in cui gli iscritti del Dipartimento Cultura lavorano insieme. Il concetto &hellip;<\/p>\n","protected":false},"author":1,"featured_media":0,"parent":0,"menu_order":99,"comment_status":"closed","ping_status":"closed","template":"page-full.php","meta":{"_acf_changed":false,"footnotes":""},"class_list":["post-2","page","type-page","status-publish","hentry"],"acf":[],"_links":{"self":[{"href":"https:\/\/fiaf.net\/agoradicult\/wp-json\/wp\/v2\/pages\/2","targetHints":{"allow":["GET"]}}],"collection":[{"href":"https:\/\/fiaf.net\/agoradicult\/wp-json\/wp\/v2\/pages"}],"about":[{"href":"https:\/\/fiaf.net\/agoradicult\/wp-json\/wp\/v2\/types\/page"}],"author":[{"embeddable":true,"href":"https:\/\/fiaf.net\/agoradicult\/wp-json\/wp\/v2\/users\/1"}],"replies":[{"embeddable":true,"href":"https:\/\/fiaf.net\/agoradicult\/wp-json\/wp\/v2\/comments?post=2"}],"version-history":[{"count":0,"href":"https:\/\/fiaf.net\/agoradicult\/wp-json\/wp\/v2\/pages\/2\/revisions"}],"wp:attachment":[{"href":"https:\/\/fiaf.net\/agoradicult\/wp-json\/wp\/v2\/media?parent=2"}],"curies":[{"name":"wp","href":"https:\/\/api.w.org\/{rel}","templated":true}]}}