{"id":51,"date":"2012-01-17T10:16:06","date_gmt":"2012-01-17T10:16:06","guid":{"rendered":"https:\/\/fiaf.net\/agoradicult\/?page_id=51"},"modified":"2012-01-17T10:16:06","modified_gmt":"2012-01-17T10:16:06","slug":"regolamento","status":"publish","type":"page","link":"https:\/\/fiaf.net\/agoradicult\/regolamento\/","title":{"rendered":"Regolamento"},"content":{"rendered":"<p style=\"text-align: justify\">Il Blog <strong>\u201cAgor\u00e0 Di Cult\u201d<\/strong> \u00e8 la piazza virtuale in cui gli iscritti al Dipartimento Cultura condividono le loro conoscenze ed esperienze fotografiche.\u00a0Abbiamo gi\u00e0 indicato come modello di riferimento Wikipedia, nel senso che come in quella \u201cEnciclopedia libera\u201d ognuno pu\u00f2 pubblicare Post di presentazione di studi autonomamente scelti e compiuti, ma altres\u00ec pu\u00f2 anche dialogare con gli altri iscritti attraverso i Commenti.\u00a0Quindi ogni argomento \u00e8 trattato pubblicando uno o pi\u00f9 Post, e attraverso i Commenti viene approfondito.\u00a0Ci saranno argomenti di interesse generale del Dipartimento e argomenti specifici riferiti a dei gruppo di lavoro o a dei progetti.\u00a0Il Blog sar\u00e0 visibile da tutti i navigatori del WEB, sia iscritti alla FIAF che no, ma la possibilit\u00e0 di pubblicare Post e i relativi Commenti \u00e8 riservata ai soli iscritti al <strong>Dipartimento Cultura<\/strong>.\u00a0Chi desidera pubblicare un Post, dovr\u00e0 inviare al Direttore del Dipartimento i contenuti realizzati conformemente allo standard seguente:<\/p>\n<ul style=\"text-align: justify\">\n<li>Indicare se il Post \u00e8 rivolto alla platea generale o a una specializzazione di riferimento.<\/li>\n<li>Titolo, con eventualmente indicato il numero di sequenza se \u00e8 una serie.<\/li>\n<li>Fotografia, ci deve essere sempre (una o pi\u00f9 fino a tre foto, attinente al tema).<\/li>\n<li>Testo di lunghezza massima 4000 caratteri compresi gli spazi.<\/li>\n<li>Se il tema non \u00e8 sviluppabile negli spazi del singolo Post si potranno preparare pi\u00f9 Post fino a svolgere completamente il tema.<\/li>\n<li>Formato word (.doc) e file immagini (.jpeg).<\/li>\n<\/ul>\n<p style=\"text-align: justify\">I Commenti, che avranno una lunghezza testuale massima di 2000 caratteri compresi gli spazi, \u00a0potranno essere inviati solo dagli iscritti al Dipartimento se il Post \u00e8 generale, oppure saranno riservati al gruppo se il Post \u00e8 riservato ad una specializzazione o a un progetto.\u00a0Gli argomenti trattati dai Post possono essere dedicati a qualsiasi tema attinente alla cultura fotografica.\u00a0Tutti i Post verranno pubblicati (con ritmo settimanale) e archiviati indipendentemente dal loro livello Culturale e dall\u2019argomento affrontato. Le pubblicazioni sono l\u2019immagine pubblica del <strong>Dipartimento Cultura<\/strong> pertanto ne devono rappresentare anche lo spirito aperto e impegnato che lo anima.\u00a0Non saranno ammessi alla pubblicazione i Post che trattano temi non fotografici o dai contenuti non osservanti le leggi in vigore. Inoltre saranno respinti Post mossi da intenti irrispettosi delle opinioni altrui o da atteggiamenti non costruttivi del clima di studio che anima e sostiene il nostro Blog.\u00a0Il <strong>Dipartimento Cultura<\/strong> desidera essere un ambiente culturale aperto ai pi\u00f9 diversi percorsi, pertanto conviveranno in esso diversi livelli di cultura e di competenza, perch\u00e9 chi inizia oggi il proprio percorso inevitabilmente si trova arretrato rispetto chi lo ha gi\u00e0 iniziato anni fa. In <strong>\u201cAgor\u00e0 Di Cult\u201d<\/strong> c\u2019\u00e8 una platea per tutti, sia per chi inizia che per l\u2019esperto.\u00a0Costruite con cura la vostra immagine in <strong>\u201cAgor\u00e0 Di Cult\u201d<\/strong>; siate pi\u00f9 riflessivi che impulsivi; evitate il botta e risposta perch\u00e9 il blog \u00e8 un linguaggio scritto dove non viene comunicato il tono col quale si pronunziano le frasi e quindi la discussione facilmente degenera in incomprensioni.\u00a0Semplificate l\u2019esposizione del vostro pensiero mettendo in un Post pochi concetti esposti chiaramente. Per completare la vostra elaborazione tematica pubblicate altri Post fino ad esaurire l\u2019esposizione. Siate attenti ai commenti e prendete spunto da essi per ideare il Post successivo a quello pubblicato e proverete l\u2019ebbrezza delle scoperte inattese che il lavoro di gruppo riserva.\u00a0Quindi evitate di voler dire tutto in un solo Post o in un Commento, ma pensate a una vostra presenza continuativa nel tempo, dove c\u2019\u00e8 sempre l\u2019occasione di riprendere la parola e spiegare meglio il vostro pensiero.\u00a0Ora avete la possibilit\u00e0 di pubblicare ci\u00f2 che vi attrae della fotografia e condividerlo con chi ha la vostra stessa passione. Scegliete voi i temi, affrontateli con i mezzi che avete raccolto nel vostro percorso personale\u00a0perch\u00e9 potrebbero essere preziosi per altri fotografi.<br \/>\nL\u2019attivit\u00e0 sul Blog <strong>\u201cAgor\u00e0 Di Cult\u201d<\/strong> avr\u00e0 un ritmo settimanale, con una pubblicazione dipartimentale alla domenica sera che inizialmente sar\u00e0 mia per poi passare ad altri amici, scelti tra coloro che mi presenteranno dei progetti tematici di interesse generale. I Commenti che mi giungeranno saranno pubblicati durante la settimana.<br \/>\nOgnuno di voi ora pu\u00f2 dare visibilit\u00e0 ai propri interessi: tecnici di ripresa o di post-produzione; proprie opere fotografiche (dalla fotografia singola, al portfolio, all\u2019audiovisivo); attivit\u00e0 di Circolo; presentazione di autori (del passato o contemporaneo); riflessione su un libro; un articolo di rivista; un evento fotografico ( gi\u00e0 avvenuto o che avverr\u00e0); ecc\u2026<br \/>\nLe pubblicazioni sul Blog (Post e Commenti) saranno il materiale tangibile del vostro impegno e della vostra competenza. Esse serviranno, insieme alle attivit\u00e0 da voi svolte, a stabilire annualmente il livello di preparazione raggiunto e quindi l\u2019idoneit\u00e0 ad essere ufficialmente insigniti della figura alla quale vi siete candidati.<br \/>\nIniziate subito a preparare i vostri Post ed a inviarmeli!<\/p>\n<p>&nbsp;<\/p>\n<p>Un cordialissimo saluto.<br \/>\nSilvano Bicocchi<br \/>\nDirettore del Dipartimento Cultura<\/p>\n\n    <div class=\"xs_social_share_widget xs_share_url after_content \t\tmain_content  wslu-style-1 wslu-share-box-shaped wslu-fill-colored wslu-none wslu-share-horizontal wslu-theme-font-no wslu-main_content\">\n\n\t\t\n        <ul>\n\t\t\t        <\/ul>\n    <\/div> \n","protected":false},"excerpt":{"rendered":"<p>Il Blog \u201cAgor\u00e0 Di Cult\u201d \u00e8 la piazza virtuale in cui gli iscritti al Dipartimento Cultura condividono le loro conoscenze &hellip;<\/p>\n","protected":false},"author":64,"featured_media":0,"parent":0,"menu_order":98,"comment_status":"closed","ping_status":"closed","template":"page-full.php","meta":{"_acf_changed":false,"footnotes":""},"class_list":["post-51","page","type-page","status-publish","hentry"],"acf":[],"_links":{"self":[{"href":"https:\/\/fiaf.net\/agoradicult\/wp-json\/wp\/v2\/pages\/51","targetHints":{"allow":["GET"]}}],"collection":[{"href":"https:\/\/fiaf.net\/agoradicult\/wp-json\/wp\/v2\/pages"}],"about":[{"href":"https:\/\/fiaf.net\/agoradicult\/wp-json\/wp\/v2\/types\/page"}],"author":[{"embeddable":true,"href":"https:\/\/fiaf.net\/agoradicult\/wp-json\/wp\/v2\/users\/64"}],"replies":[{"embeddable":true,"href":"https:\/\/fiaf.net\/agoradicult\/wp-json\/wp\/v2\/comments?post=51"}],"version-history":[{"count":0,"href":"https:\/\/fiaf.net\/agoradicult\/wp-json\/wp\/v2\/pages\/51\/revisions"}],"wp:attachment":[{"href":"https:\/\/fiaf.net\/agoradicult\/wp-json\/wp\/v2\/media?parent=51"}],"curies":[{"name":"wp","href":"https:\/\/api.w.org\/{rel}","templated":true}]}}