{"id":849,"date":"2021-05-27T16:17:49","date_gmt":"2021-05-27T14:17:49","guid":{"rendered":"https:\/\/fiaf.net\/ambientefuturo\/?page_id=849"},"modified":"2022-01-07T15:54:57","modified_gmt":"2022-01-07T14:54:57","slug":"organigramma","status":"publish","type":"page","link":"https:\/\/fiaf.net\/ambientefuturo\/organigramma\/","title":{"rendered":"Organigramma"},"content":{"rendered":"\r\n<p><strong>STRUTTURA ORGANIZZATIVA<\/strong><\/p>\r\n<p>La struttura organizzativa per la gestione del progetto \u00e8 costituita da<br \/>\u2022 Oltre 500\u00a0<strong>circoli FIAF<\/strong>\u00a0in tutta Italia con oltre 5.000 associati \u2013 Il referente del circolo \u00e8 il Presidente o un suo rappresentante;<br \/>\u2022 L\u2019insieme dei\u00a0<strong>Delegati Regionali FIAF<\/strong>\u00a0presenti in tutte le regioni, con compiti di divulgazione, organizzazione della partecipazione, attivazioni iniziative regionali;<br \/>\u2022 I componenti del\u00a0<strong>Dipartimento Cultura<\/strong>\u00a0e del\u00a0<strong>Dipartimento Didattica FIAF<\/strong>\u00a0con oltre 30 docenti e una ventina di collaboratori, presenti in tutte le regioni italiane. Insieme ai Tutor essi avranno compiti di assistenza agli autori impegnati nella realizzazione del progetto;<br \/>\u2022 Il\u00a0<strong>Comitato Scientifico del CIFA<\/strong>\u00a0con compiti di programmazione e definizione del piano culturale e strutturale dell\u2019operazione;<br \/>\u2022 Il\u00a0<strong>Comitato Organizzatore<\/strong>\u00a0dell\u2019evento composto da associati FIAF che fanno capo al Direttore del\u00a0<strong>CIFA<\/strong>\u00a0e al responsabile del Coordinamento della Manifestazione, con compiti di gestione di tutte le informazioni, contatto con i partecipanti al progetto, progettazione di tavoli di incontro per la verifica della produzione, contatti con le Amministrazioni locali e assistenza ai circoli per l\u2019organizzazione centrale.<br \/>Per la realizzazione del progetto \u00e8 di fondamentale importanza il lavoro di informazione e di formazione che tutti gli organi FIAF si impegneranno a dare per tutta la durata del progetto. Per questo \u00e8 stata pensata, in aiuto al comitato organizzatore, una struttura di supporto articolata e diffusa, che possa coprire le esigenze di tutto il territorio italiano, con la presenza pi\u00f9 capillare ed attiva possibile.<br \/>La struttura organizzativa \u00e8 cos\u00ec composta:<br \/>\u2022 Comitato Organizzatore (Direzione centrale dell\u2019evento)<br \/>\u2022 Struttura diffusa (di carattere regionale e strettamente connessa all\u2019organizzazione centrale)<\/p>\r\n<p>&nbsp;<\/p>\r\n<p><strong>COMITATO ORGANIZZATORE<\/strong><\/p>\r\n<p>Fanno parte del Comitato Organizzatore del progetto AMBIENTE CLIMA FUTURO:<\/p>\r\n<table width=\"677\">\r\n<tbody>\r\n<tr>\r\n<td width=\"166\">\r\n<p>Componente<\/p>\r\n<\/td>\r\n<td width=\"246\">\r\n<p>Incarico FIAF<\/p>\r\n<\/td>\r\n<td width=\"265\">\r\n<p>Ruolo Organizzativo progetto AMBIENTE CLIMA FUTURO<\/p>\r\n<\/td>\r\n<\/tr>\r\n<tr>\r\n<td width=\"166\">\r\n<p>Roberto ROSSI<\/p>\r\n<\/td>\r\n<td width=\"246\">\r\n<p>Presidente<\/p>\r\n<p>roberto.rossi@fiaf.net<\/p>\r\n<\/td>\r\n<td width=\"265\">\r\n<p>Coordinamento generale<\/p>\r\n<\/td>\r\n<\/tr>\r\n<tr>\r\n<td width=\"166\">\r\n<p>Roberto PUATO<\/p>\r\n<\/td>\r\n<td width=\"246\">\r\n<p>Vice Presidente<\/p>\r\n<p>Direttore DIAF<\/p>\r\n<p>roberto.puato@fiaf.net<\/p>\r\n<\/td>\r\n<td width=\"265\">\r\n<p>Coordinamento Delegati<\/p>\r\n<p>Rapporti con i Testimonial<\/p>\r\n<\/td>\r\n<\/tr>\r\n<tr>\r\n<td width=\"166\">\r\n<p>Claudio PASTRONE<\/p>\r\n<\/td>\r\n<td width=\"246\">\r\n<p>Presidente d\u2019Onore<\/p>\r\n<p>Direttore CIFA<\/p>\r\n<p>claudio.pastrone@fiaf.net<\/p>\r\n<\/td>\r\n<td width=\"265\">\r\n<p>Rapporti con il CENSIS<\/p>\r\n<\/td>\r\n<\/tr>\r\n<tr>\r\n<td width=\"166\">\r\n<p>Susanna BERTONI<\/p>\r\n<\/td>\r\n<td width=\"246\">\r\n<p>Direttore Dipartimento Comunicazione<\/p>\r\n<p>susanna.bertoni@fiaf.net<\/p>\r\n<\/td>\r\n<td width=\"265\">\r\n<p>Comunicazione e Social<\/p>\r\n<\/td>\r\n<\/tr>\r\n<tr>\r\n<td width=\"166\">\r\n<p>Cristina PAGLIONICO<\/p>\r\n<\/td>\r\n<td width=\"246\">\r\n<p>Direttore Fotoit<\/p>\r\n<p>cristina.paglionico@fiaf.net<\/p>\r\n<\/td>\r\n<td width=\"265\">\r\n<p>Servizi ai partecipanti (schede, liberatorie, materiale vario) e coordinamento<\/p>\r\n<\/td>\r\n<\/tr>\r\n<tr>\r\n<td width=\"166\">\r\n<p>Silvia TAMPUCCI<\/p>\r\n<\/td>\r\n<td width=\"246\">\r\n<p>Direttore Dipartimento Gallerie Fiaf<\/p>\r\n<p>silvia.tampucci@fiaf.net<\/p>\r\n<\/td>\r\n<td width=\"265\">\r\n<p>Coordinamento Laboratori DiCult<\/p>\r\n<\/td>\r\n<\/tr>\r\n<tr>\r\n<td width=\"166\">\r\n<p>Piera CAVALIERI<\/p>\r\n<\/td>\r\n<td width=\"246\">\r\n<p>Caposervizio Fotoit<\/p>\r\n<p>cavalieri.click@gmail.com<\/p>\r\n<\/td>\r\n<td width=\"265\">\r\n<p>Coordinamento artistico del sito Ambiente Clima Futuro<\/p>\r\n<\/td>\r\n<\/tr>\r\n<\/tbody>\r\n<\/table>\r\n<p><strong>\u00a0<\/strong><\/p>\r\n<p><strong>\u00a0<\/strong><\/p>\r\n<p><strong>STRUTTURA ORGANIZZATIVA DIFFUSA<\/strong><\/p>\r\n<p>Gli obiettivi della s<strong>truttura organizzativa diffusa<\/strong>\u00a0sono:<\/p>\r\n<ul>\r\n<li>Diffondere la piena conoscenza del progetto. A tale scopo si organizzeranno periodiche riunioni regionali informative per esporre il progetto, dare chiarimenti, verificare il lavoro svolto dai partecipanti della regione;<br \/>\u2022 Spiegare le modalit\u00e0 di partecipazione specie per quanto riguarda la scelta e la realizzazione di del tema e dei soggetti fotografici;<br \/>\u2022 Coinvolgere i fotoamatori e supportare i fotografi invitandoli ad iscriversi al progetto entro il 30 novembre 2021;<br \/>\u2022 Risolvere le problematiche di carattere logistico\/organizzativo che si potessero presentare;<br \/>\u2022 Ottimizzare l\u2019invio delle immagini al CIFA complete di liberatoria (vedi allegato);<br \/>\u2022 Incentivare la realizzazione delle mostre locali da inaugurare in concomitanza con le date di apertura della mostra nazionale di Bibbiena e la partecipazione al libro delle mostre locali;<br \/>\u2022 Incentivare la partecipazione alla giornata di inaugurazione presso il CIFA di Bibbiena (18 giugno 2022)<\/li>\r\n<\/ul>\r\n<p>Fanno parte della\u00a0<strong>struttura organizzativa diffusa<\/strong>\u00a0i Delegati Regionali, come da elenco:<\/p>\r\n<table width=\"677\">\r\n<tbody>\r\n<tr>\r\n<td>\r\n<p>REGIONE<\/p>\r\n<\/td>\r\n<td width=\"362\">\r\n<p>DELEGATO REGIONALE<\/p>\r\n<\/td>\r\n<\/tr>\r\n<tr>\r\n<td>\r\n<p>PIEMONTE VALLE D\u2019AOSTA<\/p>\r\n<\/td>\r\n<td width=\"362\">\r\n<p>Diego BATTAGLINO diego@digibat.it<\/p>\r\n<\/td>\r\n<\/tr>\r\n<tr>\r\n<td>\r\n<p>LIGURIA<\/p>\r\n<\/td>\r\n<td width=\"362\">\r\n<p>Orietta BAY orietta.bay@gmail.com<\/p>\r\n<\/td>\r\n<\/tr>\r\n<tr>\r\n<td>\r\n<p>LOMBARDIA EST<\/p>\r\n<\/td>\r\n<td width=\"362\">\r\n<p>Silvano PERONI polafoto.silvano@gmail.com<\/p>\r\n<\/td>\r\n<\/tr>\r\n<tr>\r\n<td>\r\n<p>LOMBARDIA OVEST<\/p>\r\n<\/td>\r\n<td width=\"362\">\r\n<p>Letizia RONCONI letizia.ronconi@gmail.com<\/p>\r\n<\/td>\r\n<\/tr>\r\n<tr>\r\n<td>\r\n<p>TRENTINO ALTO ADIGE<\/p>\r\n<\/td>\r\n<td width=\"362\">\r\n<p>Paola MALCOTTI paola.malcotti@alice.it<\/p>\r\n<\/td>\r\n<\/tr>\r\n<tr>\r\n<td>\r\n<p>VENETO<\/p>\r\n<\/td>\r\n<td width=\"362\">\r\n<p>Michela CHECCHETTO michela.checchetto@gmail.com<\/p>\r\n<\/td>\r\n<\/tr>\r\n<tr>\r\n<td>\r\n<p>FRIULI VENEZIA GIULIA<\/p>\r\n<\/td>\r\n<td width=\"362\">\r\n<p>Francesco MIRESSI miressifdp@gmail.com<\/p>\r\n<\/td>\r\n<\/tr>\r\n<tr>\r\n<td>\r\n<p>EMILIA ROMAGNA<\/p>\r\n<\/td>\r\n<td width=\"362\">\r\n<p>Raffaele CAPASSO capasso.raffa@gmail.com<\/p>\r\n<\/td>\r\n<\/tr>\r\n<tr>\r\n<td>\r\n<p>TOSCANA<\/p>\r\n<\/td>\r\n<td width=\"362\">\r\n<p>Maria Cristina GERMANI mariacristinagermani@libero.it<\/p>\r\n<\/td>\r\n<\/tr>\r\n<tr>\r\n<td>\r\n<p>UMBRIA<\/p>\r\n<\/td>\r\n<td width=\"362\">\r\n<p>Nadia CIANELLI nadia.cianelli@libero.it<\/p>\r\n<\/td>\r\n<\/tr>\r\n<tr>\r\n<td>\r\n<p>MARCHE<\/p>\r\n<\/td>\r\n<td width=\"362\">\r\n<p>Davide Marrollo davidemarrollo.fiaf@gmail.com<\/p>\r\n<\/td>\r\n<\/tr>\r\n<tr>\r\n<td>\r\n<p>ABRUZZO E MOLISE<\/p>\r\n<\/td>\r\n<td width=\"362\">\r\n<p>Marco DE ANGELIS marco.deangelis0@gmail.com<\/p>\r\n<\/td>\r\n<\/tr>\r\n<tr>\r\n<td>\r\n<p>LAZIO<\/p>\r\n<\/td>\r\n<td width=\"362\">\r\n<p>Mariano FANINI mariano.fanini@alice.it<\/p>\r\n<\/td>\r\n<\/tr>\r\n<tr>\r\n<td>\r\n<p>CAMPANIA<\/p>\r\n<\/td>\r\n<td width=\"362\">\r\n<p>Francesco SORANNO francesco.soranno@flegreaphoto.it<\/p>\r\n<\/td>\r\n<\/tr>\r\n<tr>\r\n<td>\r\n<p>PUGLIA<\/p>\r\n<\/td>\r\n<td width=\"362\">\r\n<p>Tiziana RIZZI tizriz@libero.it<\/p>\r\n<\/td>\r\n<\/tr>\r\n<tr>\r\n<td>\r\n<p>BASILICATA<\/p>\r\n<\/td>\r\n<td width=\"362\">\r\n<p>Nicola PAOLICELLI npao53@gmail.com<\/p>\r\n<\/td>\r\n<\/tr>\r\n<tr>\r\n<td>\r\n<p>CALABRIA<\/p>\r\n<\/td>\r\n<td width=\"362\">\r\n<p>Giuseppe \u201cPino\u201d TORCASIO giutorcasio@gmail.com<\/p>\r\n<\/td>\r\n<\/tr>\r\n<tr>\r\n<td>\r\n<p>SICILIA<\/p>\r\n<\/td>\r\n<td width=\"362\">\r\n<p>Ferdinando PORTUESE mrferdinando1966@gmail.com<\/p>\r\n<\/td>\r\n<\/tr>\r\n<tr>\r\n<td>\r\n<p>SARDEGNA<\/p>\r\n<\/td>\r\n<td width=\"362\">\r\n<p>Mauro LIGGI liggim@gmail.com<\/p>\r\n<\/td>\r\n<\/tr>\r\n<\/tbody>\r\n<\/table>\r\n<p><strong>\u00a0<\/strong><\/p>\r\n<p><strong>\u00a0<\/strong><\/p>\r\n<p><strong>I compiti dei Delegati Regionali sono<\/strong>:<\/p>\r\n<p><u>Fino a novembre 2021<\/u>:<br \/>\u2022\u00a0<strong>Incentivazione alla partecipazione<\/strong>\u00a0del maggior numero possibile di autori, curando che nel proprio territorio sia garantita una copertura idonea per ogni provincia; incentivare l<strong>\u2019Iscrizione obbligatoria al progetto entro il 30 novembre 2021\u00a0<\/strong>con invio di apposito modulo e indicazione del luogo\/associazione\/volontario scelto per la realizzazione del proprio lavoro. La modulistica \u00e8 preparata dal Comitato Organizzatore, i Delegati Regionali si occuperanno di individuare i possibili partecipanti, eventualmente contattandoli di persona, e di curare il corretto invio dell\u2019iscrizione alla segreteria del CIFA.<br \/>\u2022\u00a0<strong>Illustrazione del progetto<\/strong>\u00a0agli associati mediante riunioni informative regionali, convegni, conferenze, incontri tematici. \u00c8 compito dei Delegati realizzare le riunioni informative periodiche regionali per illustrare ai presidenti di circolo e a tutti gli interessati le caratteristiche culturali e organizzative del progetto AMBIENTE CLIMA FUTURO<\/p>\r\n<p><u>Da settembre 2021 ad aprile 2022<\/u><br \/>\u2022<strong>\u00a0Incentivazione alla realizzazione delle mostre locali<\/strong>, invio scheda di adesione al circuito mostre e invio richiesta di partecipazione al catalogo delle mostre locali entro 28 febbraio 2022. Deve essere segnalata l\u2019opportunit\u00e0 di partecipazione al libro delle mostre locali (a pagamento). In questa fase si tratta di verificare l\u2019intenzione di realizzare le mostre, da comunicare all\u2019organizzazione centrale mediante apposita modulistica. Sulla base delle schede che perverranno all\u2019organizzazione centrale sar\u00e0 possibile individuare le aree povere di mostre locali e si potr\u00e0 intervenire per verificare la fattibilit\u00e0 delle stesse nelle aree che risultassero scoperte. \u00c8 compito dei Delegati fare in modo che si svolgano le mostre locali con la massima diffusione territoriale, che le mostre siano adeguatamente pubblicizzate dalla stampa locale e siano conosciute dalle Amministrazioni e dalle Associazioni Culturali<br \/>\u2022 Risoluzione problemi organizzativi e logistici; i Delegati segnaleranno all\u2019organizzazione centrale ogni problematica organizzativa e logistica, in modo che l\u2019organizzazione possa proporre soluzioni e materiali e opereranno attivamente per risolvere problematiche locali che non possono essere trasferite all\u2019organizzazione centrale.<\/p>\r\n<p><u>Fino a giugno 2022<br \/><\/u>\u2022 Incentivare la partecipazione dei soci alla mostra nazionale presso il Centro Italiano della Fotografia d\u2019Autore di Bibbiena &#8211; CIFA \u2013 che sar\u00e0 inaugurata sabato 18 giugno 2022 e durer\u00e0 sino al settembre 2022<\/p>\r\n\n    <div class=\"xs_social_share_widget xs_share_url after_content \t\tmain_content  wslu-style-1 wslu-share-box-shaped wslu-fill-colored wslu-none wslu-share-horizontal wslu-theme-font-no wslu-main_content\">\n\n\t\t\n        <ul>\n\t\t\t        <\/ul>\n    <\/div> \n","protected":false},"excerpt":{"rendered":"<p>STRUTTURA ORGANIZZATIVA La struttura organizzativa per la gestione del progetto \u00e8 costituita da\u2022 Oltre 500\u00a0circoli FIAF\u00a0in tutta Italia con oltre 5.000 associati \u2013 Il referente del circolo \u00e8 il Presidente o un suo rappresentante;\u2022 L\u2019insieme dei\u00a0Delegati Regionali FIAF\u00a0presenti in tutte le regioni, con compiti di divulgazione, organizzazione della partecipazione, attivazioni iniziative regionali;\u2022 I componenti del\u00a0Dipartimento Cultura\u00a0e del\u00a0Dipartimento Didattica FIAF\u00a0con oltre 30 docenti e una ventina di collaboratori, presenti in tutte le regioni italiane. Insieme ai Tutor essi avranno compiti di assistenza agli autori impegnati nella realizzazione del progetto;\u2022 Il\u00a0Comitato Scientifico del CIFA\u00a0con compiti di programmazione e definizione del piano culturale e strutturale dell\u2019operazione;\u2022 Il\u00a0Comitato Organizzatore\u00a0dell\u2019evento composto da associati FIAF che fanno capo al Direttore del\u00a0CIFA\u00a0e al responsabile del Coordinamento della Manifestazione, con compiti di gestione di tutte le informazioni, contatto con i partecipanti al progetto, [&hellip;]<\/p>\n","protected":false},"author":1,"featured_media":1001,"parent":0,"menu_order":0,"comment_status":"closed","ping_status":"closed","template":"","meta":{"_acf_changed":false,"footnotes":""},"class_list":["post-849","page","type-page","status-publish","has-post-thumbnail","hentry"],"acf":[],"_links":{"self":[{"href":"https:\/\/fiaf.net\/ambientefuturo\/wp-json\/wp\/v2\/pages\/849","targetHints":{"allow":["GET"]}}],"collection":[{"href":"https:\/\/fiaf.net\/ambientefuturo\/wp-json\/wp\/v2\/pages"}],"about":[{"href":"https:\/\/fiaf.net\/ambientefuturo\/wp-json\/wp\/v2\/types\/page"}],"author":[{"embeddable":true,"href":"https:\/\/fiaf.net\/ambientefuturo\/wp-json\/wp\/v2\/users\/1"}],"replies":[{"embeddable":true,"href":"https:\/\/fiaf.net\/ambientefuturo\/wp-json\/wp\/v2\/comments?post=849"}],"version-history":[{"count":1,"href":"https:\/\/fiaf.net\/ambientefuturo\/wp-json\/wp\/v2\/pages\/849\/revisions"}],"predecessor-version":[{"id":1901,"href":"https:\/\/fiaf.net\/ambientefuturo\/wp-json\/wp\/v2\/pages\/849\/revisions\/1901"}],"wp:featuredmedia":[{"embeddable":true,"href":"https:\/\/fiaf.net\/ambientefuturo\/wp-json\/wp\/v2\/media\/1001"}],"wp:attachment":[{"href":"https:\/\/fiaf.net\/ambientefuturo\/wp-json\/wp\/v2\/media?parent=849"}],"curies":[{"name":"wp","href":"https:\/\/api.w.org\/{rel}","templated":true}]}}