{"id":2638,"date":"2015-12-18T15:30:40","date_gmt":"2015-12-18T14:30:40","guid":{"rendered":"https:\/\/fiaf.net\/diaf\/?page_id=2638"},"modified":"2022-01-22T21:36:59","modified_gmt":"2022-01-22T20:36:59","slug":"gruppi-regionali","status":"publish","type":"page","link":"https:\/\/fiaf.net\/diaf\/gruppi-regionali\/","title":{"rendered":"Gruppi Regionali"},"content":{"rendered":"<div style=\"text-align: right;\" data-canvas-width=\"86.28012000000001\"><span style=\"color: #333399;\"><strong><span style=\"color: #000000;\">\u00a0<\/span><span style=\"color: #000080;\"><a style=\"color: #000080;\" href=\"https:\/\/fiaf.net\/diaf\/gruppo-di-lavoro-diaf\/\"><span style=\"text-decoration: underline;\">Gruppo di Lavoro<\/span><\/a><\/span> \u00a0\u00a0 <span style=\"text-decoration: underline; color: #000080;\"><a style=\"color: #000080; text-decoration: underline;\" href=\"https:\/\/fiaf.net\/diaf\/referenti-di-area\/\">Referenti di area<\/a><\/span><\/strong><\/span><\/div>\n<div data-canvas-width=\"86.28012000000001\">\n<hr \/>\n<\/div>\n<div data-canvas-width=\"86.28012000000001\"><\/div>\n<p><a href=\"https:\/\/fiaf.net\/diaf\/wp-content\/uploads\/sites\/26\/2015\/12\/Gruppi-Regionale.jpg\"><img loading=\"lazy\" decoding=\"async\" class=\"thumbnail wp-image-2637 alignleft\" src=\"https:\/\/fiaf.net\/diaf\/wp-content\/uploads\/sites\/26\/2015\/12\/Gruppi-Regionale.jpg\" alt=\"Gruppi-Regionale\" width=\"405\" height=\"288\" srcset=\"https:\/\/fiaf.net\/diaf\/wp-content\/uploads\/sites\/26\/2015\/12\/Gruppi-Regionale.jpg 500w, https:\/\/fiaf.net\/diaf\/wp-content\/uploads\/sites\/26\/2015\/12\/Gruppi-Regionale-300x214.jpg 300w\" sizes=\"auto, (max-width: 405px) 100vw, 405px\" \/><\/a><\/p>\n<p><span style=\"color: #000000;\">La creazione dei <strong>Gruppi Regionali Audiovisivi<\/strong> consente una maggiore capillarit\u00e0, vicinanza e facilit\u00e0 di mettere insieme\u00a0 gli appassionati o potenziali cultori dell\u2019arte audiovisiva. Ecco che allora, dopo il <strong>GAP, Gruppo Audiovisivi Piemonte<\/strong>, nascono il <strong>Gruppo Audiovisivi Toscana (GAT)<\/strong>, Il <strong>Gruppo Audiovisivi Emilia Romagna (GAER)<\/strong>,\u00a0il <strong>Gruppo Audiovisivi Lombardia (GAL)<\/strong>, il <strong>Gruppo Audiovisivi Marche (GAM)<\/strong>, il <strong>Gruppo Audiovisivi Veneto (GAV DIAF)<\/strong>, Il <strong>Gruppo Audiovisivi Umbria (GAU), il Gruppo AudioVisivi Abruzzo&amp;Molise (GAAM).\u00a0<\/strong><\/span><\/p>\n<p><span style=\"color: #000000;\">Queste realt\u00e0, che si atterranno ad un Manifesto DiAF che ne traccer\u00e0 le linee essenziali comuni a tutti, avranno il compito di organizzare attivit\u00e0 trasversali a tutti i circoli regionali a seconda delle specifiche realt\u00e0 di ogni regione.<\/span><\/p>\n<p><span style=\"color: #000000;\">Il confronto tra i coordinatori dei Gruppi Regionali consentir\u00e0 di elaborare proposte diverse anche sulla base delle esperienze delle diverse regioni. Ecco che allora iniziative come quelle dell\u2019Emilia Romagna potranno essere proposte in Piemonte o Lombardia, ad esempio, e viceversa.<\/span><\/p>\n<p><span style=\"color: #000000;\">I Gruppi Regionali saranno anche base per le future attivit\u00e0 di Formazione che il DiAF ufficializzer\u00e0 a breve presentando l\u2019aggiornamento alle attuali tendenze delle Linee Guida DiAF per una corretta produzione di un audiovisivo. Tutto per consentire la libera interpretazione dello sviluppo di un\u2019idea, di un progetto, di un messaggio secondo gli attuali criteri di comunicazione e di presentazione.<\/span><\/p>\n\n\t\t<div class=\"box shadow  \">\n\t\t\t<div class=\"box-inner-block\">\n\t\t\t\t<span class=\"fa tie-shortcode-boxicon\"><\/span>\n\t\t\t<\/div>\n\t\t<\/div>\n\t <span style=\"color: #000000;\">Coordinatori:<\/span><\/p>\n<ul style=\"font-family: monospace !important;\">\n<li>GAP\u00a0&#8211;\u00a0Gruppo Audiovisivi Piemonte:\u00a0Guido Forino &#8211; <a href=\"mailto:gugi_forchi@inwind.it\">gugi_forchi@inwind.it <\/a><\/span><\/li>\n<li>GAL &#8211;\u00a0Gruppo Audiovisivi Lombardia:\u00a0Lorenzo De Francesco &#8211; <a href=\"mailto:lorenzo.defrancesco@fastwebnet.it\">lorenzo.defrancesco@fastwebnet.it<\/a><\/li>\n<li>GAT\u00a0&#8211;\u00a0Gruppo Audiovisivi Toscana: Emio Lanini &#8211; <a href=\"mailto:emy.lan@alice.it\">emy.lan@alice.it<\/a><\/span><\/li>\n<li>GAER &#8211; Gruppo Audiovisivi Emilia Romagna: Denis Fornaciari &#8211; <a href=\"mailto:foradeni@libero.it\">foradeni@libero.it<\/a><\/span><\/li>\n<li>GAM &#8211;\u00a0Gruppo Audiovisivi Marche: Sauro Fiorani &#8211; <a href=\"mailto:fioranis@gmail.com\" target=\"_blank\" rel=\"noopener\">fioranis@gmail.com<\/a><\/li>\n<li>GAAM &#8211; Gruppo Audiovisivi Abruzzo e Molise: Franca Cauti &#8211; <a href=\"mailto:franca@ohmasafoto.com\" rel=\"nofollow\">franca@ohmasafoto.com<\/a><\/li>\n<li>GAU &#8211;\u00a0Gruppo Audiovisivi Umbria: Claudia Ioan &#8211; <a href=\"mailto:claudiaioan65@gmail.com\">claudiaioan65@gmail.com<\/a><\/li>\n<li>GAV &#8211;\u00a0Gruppo Audiovisivi Veneto: Renzo Formaggio &#8211; <a href=\"mailto:info@formaggiorenzo.it\"rel=\"noopener\">info@formaggiorenzo.it<\/a><\/li>\n<\/ul>\n\n    <div class=\"xs_social_share_widget xs_share_url after_content \t\tmain_content  wslu-style-1 wslu-share-box-shaped wslu-fill-colored wslu-none wslu-share-horizontal wslu-theme-font-no wslu-main_content\">\n\n\t\t\n        <ul>\n\t\t\t        <\/ul>\n    <\/div> \n","protected":false},"excerpt":{"rendered":"<p>\u00a0Gruppo di Lavoro \u00a0\u00a0 Referenti di area La creazione dei Gruppi Regionali Audiovisivi consente una maggiore capillarit\u00e0, vicinanza e facilit\u00e0 &hellip;<\/p>\n","protected":false},"author":59,"featured_media":0,"parent":0,"menu_order":0,"comment_status":"closed","ping_status":"closed","template":"","meta":{"_acf_changed":false,"footnotes":""},"class_list":["post-2638","page","type-page","status-publish","hentry"],"acf":[],"_links":{"self":[{"href":"https:\/\/fiaf.net\/diaf\/wp-json\/wp\/v2\/pages\/2638","targetHints":{"allow":["GET"]}}],"collection":[{"href":"https:\/\/fiaf.net\/diaf\/wp-json\/wp\/v2\/pages"}],"about":[{"href":"https:\/\/fiaf.net\/diaf\/wp-json\/wp\/v2\/types\/page"}],"author":[{"embeddable":true,"href":"https:\/\/fiaf.net\/diaf\/wp-json\/wp\/v2\/users\/59"}],"replies":[{"embeddable":true,"href":"https:\/\/fiaf.net\/diaf\/wp-json\/wp\/v2\/comments?post=2638"}],"version-history":[{"count":9,"href":"https:\/\/fiaf.net\/diaf\/wp-json\/wp\/v2\/pages\/2638\/revisions"}],"predecessor-version":[{"id":9174,"href":"https:\/\/fiaf.net\/diaf\/wp-json\/wp\/v2\/pages\/2638\/revisions\/9174"}],"wp:attachment":[{"href":"https:\/\/fiaf.net\/diaf\/wp-json\/wp\/v2\/media?parent=2638"}],"curies":[{"name":"wp","href":"https:\/\/api.w.org\/{rel}","templated":true}]}}