{"id":2765,"date":"2015-12-20T11:00:05","date_gmt":"2015-12-20T10:00:05","guid":{"rendered":"https:\/\/fiaf.net\/diaf\/?page_id=2765"},"modified":"2015-12-20T11:00:05","modified_gmt":"2015-12-20T10:00:05","slug":"dinamica-comunicativa","status":"publish","type":"page","link":"https:\/\/fiaf.net\/diaf\/dinamica-comunicativa\/","title":{"rendered":"Dinamica comunicativa"},"content":{"rendered":"<hr \/>\n<p style=\"text-align: right\"><strong>Vedi in basso: Articoli di approfondimento<\/strong><\/p>\n<p><strong><span style=\"color: #000000\">A<\/span><\/strong><strong><span style=\"color: #000000\">UDIOVISIVO FOTOGRAFICO E DINAMICA COMUNICATIVA<\/span><\/strong><strong> <span style=\"color: #000000\">di Gabriella Gandino<\/span><\/strong><\/p>\n<p style=\"text-align: justify\"><span style=\"color: #000000\"><strong><a href=\"https:\/\/fiaf.net\/diaf\/wp-content\/uploads\/sites\/26\/2015\/12\/Lince-Gianni.jpg\"><img loading=\"lazy\" decoding=\"async\" class=\"alignright wp-image-3187\" src=\"https:\/\/fiaf.net\/diaf\/wp-content\/uploads\/sites\/26\/2015\/12\/Lince-Gianni-300x199.jpg\" alt=\"Lince-Gianni\" width=\"405\" height=\"269\" srcset=\"https:\/\/fiaf.net\/diaf\/wp-content\/uploads\/sites\/26\/2015\/12\/Lince-Gianni-300x199.jpg 300w, https:\/\/fiaf.net\/diaf\/wp-content\/uploads\/sites\/26\/2015\/12\/Lince-Gianni.jpg 600w\" sizes=\"auto, (max-width: 405px) 100vw, 405px\" \/><\/a><\/strong>Un audiovisivo fotografico \u00e8 uno strumento che, attraverso pi\u00f9 canali, permette all\u2019autore di esprimere il suo pensiero, le sue emozioni, la sua esperienza su un argomento, con il duplice obiettivo di narrare qualcosa di s\u00e9 e di stimolare chi ne fruisce.<\/span><\/p>\n<p style=\"text-align: justify\"><span style=\"color: #000000\">In altre parole, <em>l\u2019audiovisivo fotografico \u00e8 il tessuto che connette l\u2019autore al suo pubblico: \u00e8, primariamente, comunicazione<\/em>.<\/span><\/p>\n<p style=\"text-align: justify\"><span style=\"color: #000000\">La definizione che ho proposto, che nasce da un background psicologico pi\u00f9 che fotografico, \u00e8 strumentale alla domanda che ora introduco, e che costituir\u00e0 il filo conduttore di questa breve riflessione: perch\u00e9 \u00e8 cos\u00ec importante comunicare?<\/span><\/p>\n<p style=\"text-align: justify\"><a href=\"https:\/\/fiaf.net\/diaf\/audiovisivo-fotografico-e-dinamica-comunicativa\/\"><span style=\"color: #000000\"><span style=\"color: #0000ff\">&gt;&gt;&gt; leggi l&#8217;articolo completo<\/span>\u00a0\u00a0<\/span><\/a><\/p>\n<hr \/>\n<p>&nbsp;<\/p>\n<h4 style=\"text-align: center\">\u00a0<span style=\"text-decoration: underline\"><span style=\"color: #000000;text-decoration: underline\">ARTICOLI DI APPROFONDIMENTO<\/span><\/span><\/h4>\n<p>&nbsp;<\/p>\n<p><span style=\"color: #000000\"><a style=\"color: #000000\" href=\"https:\/\/fiaf.net\/diaf\/il-giudice-di-audiovisivi-fotografici\/\">IL GIUDICE DI AUDIOVISIVI FOTOGRAFICI di Gabriella Gandino<\/a> (2013)<br \/>\n<\/span><br \/>\n<span style=\"color: #000000\"> <a style=\"color: #000000\" href=\"https:\/\/fiaf.net\/diaf\/il-contesto\/\">IL CONTESTO di Gianni Rossi<\/a> (2015)<\/span><\/p>\n\n    <div class=\"xs_social_share_widget xs_share_url after_content \t\tmain_content  wslu-style-1 wslu-share-box-shaped wslu-fill-colored wslu-none wslu-share-horizontal wslu-theme-font-no wslu-main_content\">\n\n\t\t\n        <ul>\n\t\t\t        <\/ul>\n    <\/div> \n","protected":false},"excerpt":{"rendered":"<p>Vedi in basso: Articoli di approfondimento AUDIOVISIVO FOTOGRAFICO E DINAMICA COMUNICATIVA di Gabriella Gandino Un audiovisivo fotografico \u00e8 uno strumento &hellip;<\/p>\n","protected":false},"author":59,"featured_media":0,"parent":0,"menu_order":0,"comment_status":"closed","ping_status":"closed","template":"page-full.php","meta":{"_acf_changed":false,"footnotes":""},"class_list":["post-2765","page","type-page","status-publish","hentry"],"acf":[],"_links":{"self":[{"href":"https:\/\/fiaf.net\/diaf\/wp-json\/wp\/v2\/pages\/2765","targetHints":{"allow":["GET"]}}],"collection":[{"href":"https:\/\/fiaf.net\/diaf\/wp-json\/wp\/v2\/pages"}],"about":[{"href":"https:\/\/fiaf.net\/diaf\/wp-json\/wp\/v2\/types\/page"}],"author":[{"embeddable":true,"href":"https:\/\/fiaf.net\/diaf\/wp-json\/wp\/v2\/users\/59"}],"replies":[{"embeddable":true,"href":"https:\/\/fiaf.net\/diaf\/wp-json\/wp\/v2\/comments?post=2765"}],"version-history":[{"count":0,"href":"https:\/\/fiaf.net\/diaf\/wp-json\/wp\/v2\/pages\/2765\/revisions"}],"wp:attachment":[{"href":"https:\/\/fiaf.net\/diaf\/wp-json\/wp\/v2\/media?parent=2765"}],"curies":[{"name":"wp","href":"https:\/\/api.w.org\/{rel}","templated":true}]}}

<hr />
<p style="text-align: right"><strong>Vedi in basso: Articoli di approfondimento</strong></p>
<p><strong><span style="color: #000000">A</span></strong><strong><span style="color: #000000">UDIOVISIVO FOTOGRAFICO E DINAMICA COMUNICATIVA</span></strong><strong> <span style="color: #000000">di Gabriella Gandino</span></strong></p>
<p style="text-align: justify"><span style="color: #000000"><strong><a href="https://fiaf.net/diaf/wp-content/uploads/sites/26/2015/12/Lince-Gianni.jpg"><img loading="lazy" decoding="async" class="alignright wp-image-3187" src="https://fiaf.net/diaf/wp-content/uploads/sites/26/2015/12/Lince-Gianni-300x199.jpg" alt="Lince-Gianni" width="405" height="269" srcset="https://fiaf.net/diaf/wp-content/uploads/sites/26/2015/12/Lince-Gianni-300x199.jpg 300w, https://fiaf.net/diaf/wp-content/uploads/sites/26/2015/12/Lince-Gianni.jpg 600w" sizes="auto, (max-width: 405px) 100vw, 405px" /></a></strong>Un audiovisivo fotografico è uno strumento che, attraverso più canali, permette all’autore di esprimere il suo pensiero, le sue emozioni, la sua esperienza su un argomento, con il duplice obiettivo di narrare qualcosa di sé e di stimolare chi ne fruisce.</span></p>
<p style="text-align: justify"><span style="color: #000000">In altre parole, <em>l’audiovisivo fotografico è il tessuto che connette l’autore al suo pubblico: è, primariamente, comunicazione</em>.</span></p>
<p style="text-align: justify"><span style="color: #000000">La definizione che ho proposto, che nasce da un background psicologico più che fotografico, è strumentale alla domanda che ora introduco, e che costituirà il filo conduttore di questa breve riflessione: perché è così importante comunicare?</span></p>
<p style="text-align: justify"><a href="https://fiaf.net/diaf/audiovisivo-fotografico-e-dinamica-comunicativa/"><span style="color: #000000"><span style="color: #0000ff">&gt;&gt;&gt; leggi l&#8217;articolo completo</span>  </span></a></p>
<hr />
<p>&nbsp;</p>
<h4 style="text-align: center"> <span style="text-decoration: underline"><span style="color: #000000;text-decoration: underline">ARTICOLI DI APPROFONDIMENTO</span></span></h4>
<p>&nbsp;</p>
<p><span style="color: #000000"><a style="color: #000000" href="https://fiaf.net/diaf/il-giudice-di-audiovisivi-fotografici/">IL GIUDICE DI AUDIOVISIVI FOTOGRAFICI di Gabriella Gandino</a> (2013)<br />
</span><br />
<span style="color: #000000"> <a style="color: #000000" href="https://fiaf.net/diaf/il-contesto/">IL CONTESTO di Gianni Rossi</a> (2015)</span></p>

    <div class="xs_social_share_widget xs_share_url after_content 		main_content  wslu-style-1 wslu-share-box-shaped wslu-fill-colored wslu-none wslu-share-horizontal wslu-theme-font-no wslu-main_content">

		
        <ul>
			        </ul>
    </div>

<p>Vedi in basso: Articoli di approfondimento AUDIOVISIVO FOTOGRAFICO E DINAMICA COMUNICATIVA di Gabriella Gandino Un audiovisivo fotografico è uno strumento &hellip;</p>
