{"id":2816,"date":"2015-12-20T19:00:28","date_gmt":"2015-12-20T18:00:28","guid":{"rendered":"https:\/\/fiaf.net\/diaf\/?page_id=2816"},"modified":"2015-12-20T19:00:28","modified_gmt":"2015-12-20T18:00:28","slug":"roberto-rognoni-audiovisivi-2","status":"publish","type":"page","link":"https:\/\/fiaf.net\/diaf\/roberto-rognoni-audiovisivi-2\/","title":{"rendered":"Roberto Rognoni &#8211; Audiovisivi"},"content":{"rendered":"<hr \/>\n<p style=\"text-align: right\"><strong>Audiovisivi\u00a0\u00a0\u00a0 <span style=\"text-decoration: underline\"><a href=\"https:\/\/fiaf.net\/diaf\/roberto-rognoni-riferimenti\/\">Riferimenti<\/a><\/span>\u00a0\u00a0\u00a0 <span style=\"text-decoration: underline\"><a href=\"https:\/\/fiaf.net\/diaf\/roberto-rognoni\/\">Back<\/a><\/span><\/strong><\/p>\n<table border=\"0\" cellpadding=\"5\">\n<tbody>\n<tr>\n<td valign=\"top\" width=\"425\"><\/td>\n<td><\/td>\n<td valign=\"top\" width=\"425\"><span style=\"color: #000000\"><strong>IL SANTO SEPOLCRO<\/strong><\/span><\/p>\n<div><span style=\"color: #000000;font-family: 'Century Schoolbook'\">L&#8217;audiovisivo \u00e8 conseguente al pellegrinaggio in Terrasanta effettuato nel 2015 al seguito della Diocesi Milanese, guidata dal cardinale Angelo Scola.<\/span><\/div>\n<div><span style=\"color: #000000;font-family: 'Century Schoolbook'\">Nel breve lavoro ho voluto rappresentare le suggestioni e le emozioni provate nella visita al Santo Sepolcro a Gerusalemme.<\/span><\/div>\n<div><span style=\"color: #000000;font-family: 'Century Schoolbook'\">Durata: 3&#8242; &#8211; ANNO 2016<\/span><\/div>\n<div><span style=\"color: #000000;font-family: 'Century Schoolbook'\">L&#8217;audiovisivo \u00e8 stato selezionato per la collezione AV-FIAP<\/span><\/div>\n<\/td>\n<\/tr>\n<\/tbody>\n<\/table>\n<p>&nbsp;<\/p>\n<table border=\"0\" cellpadding=\"5\">\n<tbody>\n<tr>\n<td valign=\"top\" width=\"425\">\n<p><span style=\"color: #000000\">Importanti successi in numerose tappe del CIRCUITO NAZIONALE DiAF 2013.<\/span><\/p>\n<p><span style=\"color: #000000\"><em>&#8220;Lavoro elegante e caratterizzato da una fotografia sempre originale e di estrema pulizia. Il tema della fabbrica dei manichini \u00e8 qui utilizzato per esplorare una delle tendenze della societ\u00e0 attuale: il desiderio di apparire alla moda, da un lato, e la pressione esercitata da chi \u201cproduce\u201d, dall\u2019altro. Regia sapiente che riesce a coinvolgere lo spettatore per tutta la durata del lavoro&#8221;<\/em><\/span><\/td>\n<td><\/td>\n<td valign=\"top\" width=\"425\">\u00a0<strong>LA FABBRICA DEI SOGNI<\/strong><\/p>\n<p class=\"first\">L\u2019opportunit\u00e0 di realizzare un servizio fotografico nella fabbrica di manichini Almax di Mariano Comense \u00e8 stato lo spunto per questo audiovisivo, dedicato ad un aspetto particolare del mondo della moda.<\/p>\n<p>L\u2019audiovisivo pone l\u2019attenzione dello spettatore su diversi spunti di discussione; manichini, vetrine, mannequins, pubblicit\u00e0 fanno parte di un mondo costruito con grande abilit\u00e0 e creativit\u00e0 che induce i consumatori a sognare ad occhi aperti, a pensare di poter realizzare tanti sogni piacevoli, che quasi sempre rimangono tali.<\/p>\n<p>Durata: 5&#8242; 24&#8243;<\/td>\n<\/tr>\n<\/tbody>\n<\/table>\n<p>&nbsp;<\/p>\n<table border=\"0\" cellpadding=\"5\">\n<tbody>\n<tr>\n<td valign=\"top\" width=\"425\"><\/td>\n<td><\/td>\n<td valign=\"top\" width=\"425\"><span style=\"color: #000000\"><strong>CINA &amp; CIBO<\/strong><\/span><\/p>\n<p><span style=\"color: #000000\">Presentazione in chiave ironica del particolare rapporto dei cinesi con il cibo<br \/>\n<\/span><\/p>\n<p><span style=\"color: #000000\">Durata 5&#8242;<br \/>\n<\/span><\/p>\n<p><span style=\"color: #000000\">Anno di realizzazione 2007<\/span><\/td>\n<\/tr>\n<\/tbody>\n<\/table>\n<p>&nbsp;<\/p>\n<table border=\"0\" cellpadding=\"5\">\n<tbody>\n<tr>\n<td valign=\"top\" width=\"425\"><\/td>\n<td><\/td>\n<td valign=\"top\" width=\"425\"><span style=\"color: #000000\"><strong>I COLORI DI PETRA<br \/>\n<\/strong><\/span><span style=\"color: #000000\">Petra, una delle sette meraviglie del mondo moderno, antica citt\u00e0 dei Nabatei, risulta essere uno dei siti storici pi\u00f9 ricchi d\u2019atmosfera. Situata in un profondo canyon di pietra arenaria, una citt\u00e0 scavata nella roccia che assume un intenso colore ruggine con varie striature bianche, grigie, blu, rosse, gialle con tutte le sfumature intermedie determinate anche dalle diverse caratteristiche della luce nelle varie ore del giorno.<\/span><span style=\"color: #000000\">Durata 6\u2032 30\u2033 &#8211; <\/span><span style=\"color: #000000\">Anno di realizzazione 2012<\/span><\/td>\n<\/tr>\n<\/tbody>\n<\/table>\n<p><!-- INIZIO CELLA --><\/p>\n<p>&nbsp;<\/p>\n<table border=\"0\" cellpadding=\"5\">\n<tbody>\n<tr>\n<td valign=\"top\" width=\"425\">\n<p><a href=\"https:\/\/vimeo.com\/38845801\" target=\"_blank\" rel=\"noopener\">WATERSHOW<\/a> from <a href=\"https:\/\/vimeo.com\/user10930052\" target=\"_blank\" rel=\"noopener\">Rognoni Roberto<\/a> on <a href=\"https:\/\/vimeo.com\" target=\"_blank\" rel=\"noopener\">Vimeo<\/a>.<\/td>\n<td><\/td>\n<td valign=\"top\" width=\"425\"><span style=\"color: #000000\"><strong>WATERSHOW<\/strong><\/span><\/p>\n<p><span style=\"color: #000000\">Selezionato al 5\u00b0 Digital Slide Show 2010 di Merano.<br \/>\nQuesto audiovisivo vuole rappresentare le possibilit\u00e0 espressive e spettacolari dell\u2019uso dell\u2019acqua in teatro, centrato in particolare sui lavori di \u201cQuelli di Grock\u201d di Milano e \u201cMateriali Resistenti\u201d di Bergamo<br \/>\n<\/span><\/p>\n<p><span style=\"color: #000000\">Durata 4 min.<br \/>\n<\/span><\/p>\n<p><span style=\"color: #000000\">Anno di realizzazione 2010<\/span><\/td>\n<\/tr>\n<\/tbody>\n<\/table>\n<p>&nbsp;<\/p>\n<table border=\"0\" cellpadding=\"5\">\n<tbody>\n<tr>\n<td valign=\"top\" width=\"425\"><\/td>\n<td><\/td>\n<td valign=\"top\" width=\"425\"><span style=\"color: #000000\"><strong>VARANASI, AI CONFINI DELLA VITA<\/strong><\/span><\/p>\n<p><span style=\"color: #000000\">Varanasi, la citt\u00e0 santa sul Gange, dove gli indiani vanno a morire<\/span><\/p>\n<p><span style=\"color: #000000\">Durata 9\u2019<br \/>\n<\/span><\/p>\n<p><span style=\"color: #000000\">Anno di realizzazione 2010<\/span><\/td>\n<\/tr>\n<\/tbody>\n<\/table>\n<p>&nbsp;<\/p>\n<table border=\"0\" cellpadding=\"5\">\n<tbody>\n<tr>\n<td valign=\"top\" width=\"425\"><\/td>\n<td><\/td>\n<td valign=\"top\" width=\"425\"><span style=\"color: #000000\"><strong>DESTINAZIONE PARADISO<\/strong><\/span><\/p>\n<p><span style=\"color: #000000\">Un lavoro intimistico nel silenzio e la pace della montagna<br \/>\n<\/span><\/p>\n<p><span style=\"color: #000000\">Durata 3\u2032 50\u201d<br \/>\n<\/span><\/p>\n<p><span style=\"color: #000000\">Anno di realizzazione 2009<\/span><\/td>\n<\/tr>\n<\/tbody>\n<\/table>\n<p>&nbsp;<\/p>\n\n    <div class=\"xs_social_share_widget xs_share_url after_content \t\tmain_content  wslu-style-1 wslu-share-box-shaped wslu-fill-colored wslu-none wslu-share-horizontal wslu-theme-font-no wslu-main_content\">\n\n\t\t\n        <ul>\n\t\t\t        <\/ul>\n    <\/div> \n","protected":false},"excerpt":{"rendered":"<p>Audiovisivi\u00a0\u00a0\u00a0 Riferimenti\u00a0\u00a0\u00a0 Back IL SANTO SEPOLCRO L&#8217;audiovisivo \u00e8 conseguente al pellegrinaggio in Terrasanta effettuato nel 2015 al seguito della Diocesi &hellip;<\/p>\n","protected":false},"author":59,"featured_media":0,"parent":0,"menu_order":0,"comment_status":"closed","ping_status":"closed","template":"page-full.php","meta":{"_acf_changed":false,"footnotes":""},"class_list":["post-2816","page","type-page","status-publish","hentry"],"acf":[],"_links":{"self":[{"href":"https:\/\/fiaf.net\/diaf\/wp-json\/wp\/v2\/pages\/2816","targetHints":{"allow":["GET"]}}],"collection":[{"href":"https:\/\/fiaf.net\/diaf\/wp-json\/wp\/v2\/pages"}],"about":[{"href":"https:\/\/fiaf.net\/diaf\/wp-json\/wp\/v2\/types\/page"}],"author":[{"embeddable":true,"href":"https:\/\/fiaf.net\/diaf\/wp-json\/wp\/v2\/users\/59"}],"replies":[{"embeddable":true,"href":"https:\/\/fiaf.net\/diaf\/wp-json\/wp\/v2\/comments?post=2816"}],"version-history":[{"count":0,"href":"https:\/\/fiaf.net\/diaf\/wp-json\/wp\/v2\/pages\/2816\/revisions"}],"wp:attachment":[{"href":"https:\/\/fiaf.net\/diaf\/wp-json\/wp\/v2\/media?parent=2816"}],"curies":[{"name":"wp","href":"https:\/\/api.w.org\/{rel}","templated":true}]}}