{"id":3049,"date":"2015-12-29T11:21:42","date_gmt":"2015-12-29T10:21:42","guid":{"rendered":"https:\/\/fiaf.net\/diaf\/?page_id=3049"},"modified":"2015-12-29T11:21:42","modified_gmt":"2015-12-29T10:21:42","slug":"lucio-zogno-audiovisivi","status":"publish","type":"page","link":"https:\/\/fiaf.net\/diaf\/lucio-zogno-audiovisivi\/","title":{"rendered":"Lucio Zogno &#8211; Audiovisivi"},"content":{"rendered":"<hr \/>\n<p style=\"text-align: right\"><strong>Audiovisivi\u00a0\u00a0\u00a0 <span style=\"text-decoration: underline\"><a href=\"https:\/\/fiaf.net\/diaf\/lucio-zogno-riferimenti\/\">Riferimenti<\/a><\/span>\u00a0\u00a0\u00a0 <span style=\"text-decoration: underline\"><a href=\"https:\/\/fiaf.net\/diaf\/lucio-zogno\/\">Back<\/a><\/span><\/strong><\/p>\n<table border=\"0\" cellpadding=\"5\"><!-- INIZIO RIGA DA COPIARE --><\/p>\n<tbody>\n<tr><!-- INIZIO CELLA --><\/p>\n<td valign=\"top\" width=\"425\">\n<p>Premio &#8220;Music Poetry and Song&#8221;, Adelaide AV Fest 2015, Australia &#8211; &#8220;Music Poetry and Song&#8221;<br \/>\n&#8211; Medaglia Pollock &#8220;Best First Time Entrant&#8221;, Adelaide AV Fest 2015, Australia<br \/>\n&#8211; Primo premio\u00a0 &#8220;Trofeo La Martinella&#8221; 2014 &#8211; Legnano (MI)<br \/>\n&#8211; Primo premio &#8221; Citt\u00e0 di San Donato Milanese&#8221; 2014 (MI)<br \/>\n&#8211; Primo premio\u00a0 &#8220;5\u00b0 Gioberto D&#8217;argento&#8221; 2014 &#8211; Sesto San Giovanni (MI)<br \/>\n&#8211; Premio della Giuria Giovani al &#8220;53e Festival International de l\u2019Image \u00e0 Epinal &#8211; France&#8221; 2014<br \/>\n&#8211; Premio per la Migliore Colonna Sonora al &#8220;6\u00b0 Concorso Nazionale \u201cCitt\u00e0 di Rho\u201d 2014 &#8211; Rho (MI)<br \/>\n&#8211; Premio per la Migliore Colonna Sonora al &#8220;53e Festival International de l\u2019Image \u00e0 Epinal &#8211; France&#8221; 2014<br \/>\n&#8211; Menzione d&#8217;onore FIAP per la creativit\u00e0 al 2\u00b0 Concorso Internazionale Audiovisivi &#8220;Citt\u00e0 di Garda&#8221; 2014<\/td>\n<td><\/td>\n<p><!-- INIZIO CELLA --><\/p>\n<td valign=\"top\" width=\"425\"><span style=\"color: #000000\"><strong>MetroZ<br \/>\n<\/strong><\/span>Nell&#8217;era in cui i Non-lieux (non-luoghi) si espandono fino ad assumere tratti allucinati e stranianti, MetroZ ne ricerca l&#8217;essenza, il battito: il Tempo. In questo studio l&#8217;autore diventa presenza costante e immobile all&#8217;interno di ambienti in cui tutto \u00e8 moto apparente.<br \/>\nRipreso nella metropolitana di Brescia grazie alla tecnica fotografica del &#8220;timelapse&#8221;, il Tempo viene assorbito e vissuto in accelerazione, costringendo l&#8217;occhio a vagare tra l&#8217;immobilit\u00e0 delle strutture, alla ricerca di presenze a cui aggrapparsi per combattere il senso di vuota solitudine. Un tentativo di lotta contro la sensazione di surmodernit\u00e0, in cui l&#8217;autore ricerca il tempo e il suo fluire proprio nei non-luoghi dove Aug\u00e9 (lo stesso che li ha cos\u00ec definiti) ne identifica l&#8217;assenza e l&#8217;immobilit\u00e0 a causa della sua sovrabbondanza.<br \/>\nUna colonna sonora inedita, scritta appositamente dal Maestro e compositore Mirko Ferremi, d\u00e0 corpo all&#8217;alienazione e alla presenza di anime ridotte poco pi\u00f9 che a fantasmi.Solo la corsa della metropolitana sembra suggerire un barlume di moto reale, che \u00e8 tuttavia disorientamento, sovraesposizione di immagini e luoghi, ansia e agonia di un lungo tunnel senza fine, come &#8220;Senzafine&#8221; appaiono essere i &#8220;Nonluoghi&#8221;.<br \/>\nSolo l&#8217;espediente di un&#8217;ultima lettera (la Z, disperata resistenza della ragione) pu\u00f2 porre un termine e diventare capolinea di un viaggio dove meta e partenza si confondono, perse nel tempo e annegate nello spazio.Durata 4&#8242; 44&#8243; &#8211; Anno 2014<\/td>\n<\/tr>\n<\/tbody>\n<\/table>\n<p><!-- FINE TABELLA --><\/p>\n<hr \/>\n<table border=\"0\" cellpadding=\"5\"><!-- INIZIO RIGA DA COPIARE --><\/p>\n<tbody>\n<tr><!-- INIZIO CELLA --><\/p>\n<td valign=\"top\" width=\"425\">\n<p><a href=\"https:\/\/vimeo.com\/126475123\" target=\"_blank\" rel=\"noopener\">ESISTE (2015)<\/a> from <a href=\"https:\/\/vimeo.com\/luciozogno\" target=\"_blank\" rel=\"noopener\">Lucio Zogno<\/a> on <a href=\"https:\/\/vimeo.com\" target=\"_blank\" rel=\"noopener\">Vimeo<\/a>.<\/td>\n<td><\/td>\n<p><!-- INIZIO CELLA --><\/p>\n<td valign=\"top\" width=\"425\"><span style=\"color: #000000\"><strong>Esiste<\/strong> <\/span><\/p>\n<p>\u200bIdrogeno ed elio. Nei suoi primi istanti di vita l&#8217;universo era composto da soli due elementi. Il loro incontro-scontro ha generato per combustione ogni altra sostanza conosciuta, anche ci\u00f2 di cui siamo fatti. Per questo, parafrasando una nota canzone, possiamo dire che &#8220;siamo figli delle stelle&#8221; e per questo, da sempre, quelle stesse stelle ci attraggono. Come le stelle influenzano le reciproche traiettorie in un gioco continuo di attrazione e repulsione, anche noi uomini siamo governati da quelle stesse leggi.<br \/>\nESISTE \u00e8 un viaggio nell&#8217;universo che tanto ci attrae e ci rispecchia, un viaggio dentro noi stessi, la cui rotta scivola sul confine tra ci\u00f2 che ambiamo scoprire e ci\u00f2 di cui realmente non possiamo fare a meno: il rapporto con l&#8217;Altro, gli Affetti, l&#8217;Amore.<br \/>\nUna colonna sonora originale in cui testi (in latino, vedere traduzione a seguire), musiche, esecuzione canora, e rumori ambientali sono stati composti ed eseguiti appositamente (o campionati da reali registrazioni nello spazio) per accompagnarci in questo viaggio.<\/p>\n<p>Un&#8217;opera di LUCIO ZOGNO<br \/>\nTesti di DARIO FORLANI e LUCIO ZOGNO<br \/>\nMusiche originali composte da MIRKO FERREMI<br \/>\ncon le voci di SILVIA SCARTOZZONI e ROBERTO GHITTI<br \/>\nvoce soprano di NADYNA CALISTRU<\/p>\n<p><span style=\"color: #000000\">Durata 5 min e 50 sec<strong><br \/>\n<\/strong><\/span><\/p>\n<p>Anno 2015<\/td>\n<\/tr>\n<\/tbody>\n<\/table>\n<p><!-- FINE TABELLA --><\/p>\n<hr \/>\n\n    <div class=\"xs_social_share_widget xs_share_url after_content \t\tmain_content  wslu-style-1 wslu-share-box-shaped wslu-fill-colored wslu-none wslu-share-horizontal wslu-theme-font-no wslu-main_content\">\n\n\t\t\n        <ul>\n\t\t\t        <\/ul>\n    <\/div> \n","protected":false},"excerpt":{"rendered":"<p>Audiovisivi\u00a0\u00a0\u00a0 Riferimenti\u00a0\u00a0\u00a0 Back Premio &#8220;Music Poetry and Song&#8221;, Adelaide AV Fest 2015, Australia &#8211; &#8220;Music Poetry and Song&#8221; &#8211; Medaglia &hellip;<\/p>\n","protected":false},"author":59,"featured_media":0,"parent":0,"menu_order":0,"comment_status":"closed","ping_status":"closed","template":"page-full.php","meta":{"_acf_changed":false,"footnotes":""},"class_list":["post-3049","page","type-page","status-publish","hentry"],"acf":[],"_links":{"self":[{"href":"https:\/\/fiaf.net\/diaf\/wp-json\/wp\/v2\/pages\/3049","targetHints":{"allow":["GET"]}}],"collection":[{"href":"https:\/\/fiaf.net\/diaf\/wp-json\/wp\/v2\/pages"}],"about":[{"href":"https:\/\/fiaf.net\/diaf\/wp-json\/wp\/v2\/types\/page"}],"author":[{"embeddable":true,"href":"https:\/\/fiaf.net\/diaf\/wp-json\/wp\/v2\/users\/59"}],"replies":[{"embeddable":true,"href":"https:\/\/fiaf.net\/diaf\/wp-json\/wp\/v2\/comments?post=3049"}],"version-history":[{"count":0,"href":"https:\/\/fiaf.net\/diaf\/wp-json\/wp\/v2\/pages\/3049\/revisions"}],"wp:attachment":[{"href":"https:\/\/fiaf.net\/diaf\/wp-json\/wp\/v2\/media?parent=3049"}],"curies":[{"name":"wp","href":"https:\/\/api.w.org\/{rel}","templated":true}]}}