{"id":3089,"date":"2015-12-29T18:14:52","date_gmt":"2015-12-29T17:14:52","guid":{"rendered":"https:\/\/fiaf.net\/diaf\/?page_id=3089"},"modified":"2015-12-29T18:14:52","modified_gmt":"2015-12-29T17:14:52","slug":"il-dramma-della-drammaturgia","status":"publish","type":"page","link":"https:\/\/fiaf.net\/diaf\/il-dramma-della-drammaturgia\/","title":{"rendered":"Il dramma della Drammaturgia"},"content":{"rendered":"<hr \/>\n<p style=\"text-align: right\"><strong>\u00a0 <span style=\"text-decoration: underline\"><a href=\"https:\/\/fiaf.net\/diaf\/wp-content\/uploads\/sites\/26\/2015\/03\/NotiziarioAV67.pdf\">L&#8217;articolo pu\u00f2 essere stampato dal Notiziario n\u00b0 67\/2015<\/a><\/span>\u00a0 &#8211;\u00a0\u00a0 <span style=\"text-decoration: underline\"><a href=\"https:\/\/fiaf.net\/diaf\/drammaturgia\/\">Back<\/a><\/span><\/strong><\/p>\n<p style=\"text-align: left\"><strong><span style=\"color: #000000\">di Gianni Rossi<\/span><\/strong><\/p>\n<p style=\"text-align: justify\"><span style=\"color: #000000\">Sentii parlare per la prima volta<a style=\"color: #000000\" href=\"https:\/\/fiaf.net\/diaf\/wp-content\/uploads\/sites\/26\/2015\/12\/Auschwitz-2.jpg\"><img loading=\"lazy\" decoding=\"async\" class=\"alignleft wp-image-3087\" src=\"https:\/\/fiaf.net\/diaf\/wp-content\/uploads\/sites\/26\/2015\/12\/Auschwitz-2-300x191.jpg\" alt=\"Auschwitz-2\" width=\"400\" height=\"254\" srcset=\"https:\/\/fiaf.net\/diaf\/wp-content\/uploads\/sites\/26\/2015\/12\/Auschwitz-2-300x191.jpg 300w, https:\/\/fiaf.net\/diaf\/wp-content\/uploads\/sites\/26\/2015\/12\/Auschwitz-2.jpg 600w\" sizes=\"auto, (max-width: 400px) 100vw, 400px\" \/><\/a> di \u201c<em>drammaturgia<\/em>\u201d molti anni fa, da Boris Gradnik, animatore di infinite attivit\u00e0 del Dipartimento DiAF e nel contempo autore di opere riconosciute a livello nazionale e internazionale. Era un termine che Boris utilizzava molto spesso nei Seminari per esprimere considerazioni e giudizi sugli audiovisivi presentati.<\/span><\/p>\n<p style=\"text-align: justify\"><span style=\"color: #000000\">La prima volta, nonostante i miei studi classici, rimasi spiazzato. Mi toccava di sentire, dalla autorevole voce di Boris, che quell\u2019audiovisivo su Auschwitz era \u201c<em>privo di drammaturgia<\/em>\u201d. Ma come? e i prigionieri? e i forni crematori? e l\u2019olocausto? Poco dopo proietta Roberto Santini, arcinoto autore di audiovisivi umoristici ridicolissimi. E di nuovo Boris: <em>finalmente un\u2019opera come si deve, ricca di drammaturgia!<\/em> Sconcerto profondo.<\/span><\/p>\n<p style=\"text-align: justify\"><span style=\"color: #000000\">Mi sentii in dovere di rispolverare le mie conoscenze liceali e scoprii che ero caduto in un equivoco grossolano. Verificate anche voi: &#8220;<em>La <strong>drammaturgia<\/strong> \u00e8 l&#8217;arte di scrivere drammi\u2026 Un <strong>dramma<\/strong> \u00e8 una forma letteraria che include parti scritte per essere interpretate da attori\u2026. Un dramma pu\u00f2 avere argomento <strong>tragico<\/strong> o <strong>comico<\/strong><\/em>&#8221; recita Wikipedia, con riferimento al Dizionario della Lingua Italiana e alla Enciclopedia Britannica.<\/span><\/p>\n<p style=\"text-align: justify\"><span style=\"color: #000000\"><a style=\"color: #000000\" href=\"https:\/\/fiaf.net\/diaf\/wp-content\/uploads\/sites\/26\/2015\/12\/dopo-aver-visto-certi-audiovisivi-2.jpg\"><img loading=\"lazy\" decoding=\"async\" class=\"alignright wp-image-3096\" src=\"https:\/\/fiaf.net\/diaf\/wp-content\/uploads\/sites\/26\/2015\/12\/dopo-aver-visto-certi-audiovisivi-2-199x300.jpg\" alt=\"dopo-aver-visto-certi-audiovisivi-2\" width=\"300\" height=\"451\" srcset=\"https:\/\/fiaf.net\/diaf\/wp-content\/uploads\/sites\/26\/2015\/12\/dopo-aver-visto-certi-audiovisivi-2-199x300.jpg 199w, https:\/\/fiaf.net\/diaf\/wp-content\/uploads\/sites\/26\/2015\/12\/dopo-aver-visto-certi-audiovisivi-2.jpg 400w\" sizes=\"auto, (max-width: 300px) 100vw, 300px\" \/><\/a>Appurato questo, rimaneva aperto un altro problema. Boris catalogava un&#8217;opera come ricca di drammaturgia e un&#8217;altra no. Perch\u00e8? In base a cosa? Una ricerca semantica pi\u00f9 sofisticata ed ecco: &#8220;&#8230; <em>la parola drammaturgia ha assunto significato pi\u00f9 ampio dell&#8217;originale, non limitandosi unicamente ad indicare l&#8217;atto dello scrivere per il teatro, ma anche<\/em> <strong><em>la serie di connessioni interne che esistono tra i diversi elementi che compongono lo spettacolo<\/em><\/strong>&#8220;.<\/span><\/p>\n<p style=\"text-align: justify\"><span style=\"color: #000000\">E&#8217; sufficiente trasferire queste considerazioni all&#8217;audiovisivo fotografico e il gioco \u00e8 fatto: a) noi realizziamo uno <strong><em>spettacolo<\/em><\/strong>; b) questo \u00e8 composto da <strong><em>diversi elementi<\/em><\/strong>; c) questi elementi hanno delle <strong><em>connessioni interne<\/em><\/strong>; d) le connessioni interne costituiscono la <strong><em>drammaturgia<\/em><\/strong>.<\/span><\/p>\n<p style=\"text-align: justify\"><span style=\"color: #000000\">Va da s\u00e9 che <strong><em>buone connessioni interne<\/em><\/strong> equivalgono a <strong><em>buona drammaturgia<\/em><\/strong>. Un audiovisivo <em>comico<\/em> avr\u00e0 una buona drammaturgia quando le sue <em>componenti<\/em> (idea, immagini, colonna sonora, montaggio, titolo ecc.) risultano <em>ben connesse<\/em> tra loro e alla finalit\u00e0 che l&#8217;autore si \u00e8 posto. Se la finalit\u00e0 (come si presume) \u00e8 <em>far ridere<\/em>, <strong><em>tutte<\/em><\/strong> le componenti devono far ridere.<\/span><\/p>\n<p style=\"text-align: justify\"><span style=\"color: #000000\">Purtroppo la parola drammaturgia ha quella maledetta radice &#8220;<em>dramma<\/em>&#8221; che confonde le idee. Perch\u00e8 dramma \u00e8 anche la radice di <em>drammatico<\/em>. Ne consegue che si \u00e8 portati a pensare, come feci io la prima volta a proposito di Auschwitz, che un&#8217;opera drammatica sia ricca di <em>drammaturgia<\/em>.<\/span><\/p>\n<p style=\"text-align: justify\"><span style=\"color: #000000\">Quando sentiremo pronunciare questa parola nei nostri seminari, per evitare confusione, consiglio di pensare subito ai suoi sinonimi: <em>coerenza, adeguatezza, corrispondenza<\/em>, meno incisivi ma pi\u00f9 immediati.<\/span><\/p>\n<p style=\"text-align: justify\"><span style=\"color: #000000\">Aria fritta, dir\u00e0 qualcuno. Ma proviamo, alla luce di queste considerazioni e in particolare all&#8217;assioma <em>buone connessioni interne = buona drammaturgia<\/em>, a valutare un audiovisivo. Vi propongo di farlo con un audiovisivo umoristico, \u00e8 pi\u00f9 facile. Visto che la sua finalit\u00e0 \u00e8 far ridere, proviamo a valutare le connessioni interne elemento per elemento. Il <strong><em>titolo<\/em><\/strong> fa ridere? le <strong><em>immagini<\/em><\/strong> sono coerenti con il titolo e con l&#8217;obiettivo che si \u00e8 posto l&#8217;autore? in sostanza fanno ridere? la <strong><em>colonna sonora<\/em><\/strong> \u00e8 adeguata e coerente (drammaturgica quindi) con le diverse sequenze fotografiche? cio\u00e8 l&#8217;abbinamento musica\/sequenza fotografica fa ridere? e cos\u00ec via per <em>ritmo<\/em>, <em>dissolvenze<\/em>, per tutti le componenti dell&#8217;opera. Le stesse <em>fonts<\/em> utilizzate per i titoli.<\/span><\/p>\n<p style=\"text-align: justify\"><span style=\"color: #000000\">Il cinema in questo \u00e8 maestro: Dario Argento, Fellini, Spielberg, in realt\u00e0 tutti i registi lavorano cos\u00ec.<\/span><\/p>\n<p style=\"text-align: justify\"><span style=\"color: #000000\">Ma non si tratta solo di un&#8217;analisi per esprimere giudizi. Molto di pi\u00f9. E&#8217; un&#8217;analisi che l&#8217;autore stesso per primo deve fare mentre crea la sua opera, mentre seleziona le foto adatte, mentre sceglie brani musicali, cio\u00e8 in tutte le fasi della costruzione.<\/span><\/p>\n<p style=\"text-align: justify\"><span style=\"color: #000000\">Ne risulter\u00e0 un&#8217;opera in cui gli elementi hanno una fortissima coerenza tra loro e contribuiscono insieme alla finalit\u00e0. Conclusione: la sinergia di tutti questi elementi ben studiati e fortemente drammaturgici inevitabilmente ottimizza la percezione dell&#8217;audiovisivo ed \u00e8 una condizione base per una buona <strong><em>Dinamica Comunicativa<\/em><\/strong>.<\/span><\/p>\n\n    <div class=\"xs_social_share_widget xs_share_url after_content \t\tmain_content  wslu-style-1 wslu-share-box-shaped wslu-fill-colored wslu-none wslu-share-horizontal wslu-theme-font-no wslu-main_content\">\n\n\t\t\n        <ul>\n\t\t\t        <\/ul>\n    <\/div> \n","protected":false},"excerpt":{"rendered":"<p>\u00a0 L&#8217;articolo pu\u00f2 essere stampato dal Notiziario n\u00b0 67\/2015\u00a0 &#8211;\u00a0\u00a0 Back di Gianni Rossi Sentii parlare per la prima volta &hellip;<\/p>\n","protected":false},"author":59,"featured_media":0,"parent":0,"menu_order":0,"comment_status":"closed","ping_status":"closed","template":"page-full.php","meta":{"_acf_changed":false,"footnotes":""},"class_list":["post-3089","page","type-page","status-publish","hentry"],"acf":[],"_links":{"self":[{"href":"https:\/\/fiaf.net\/diaf\/wp-json\/wp\/v2\/pages\/3089","targetHints":{"allow":["GET"]}}],"collection":[{"href":"https:\/\/fiaf.net\/diaf\/wp-json\/wp\/v2\/pages"}],"about":[{"href":"https:\/\/fiaf.net\/diaf\/wp-json\/wp\/v2\/types\/page"}],"author":[{"embeddable":true,"href":"https:\/\/fiaf.net\/diaf\/wp-json\/wp\/v2\/users\/59"}],"replies":[{"embeddable":true,"href":"https:\/\/fiaf.net\/diaf\/wp-json\/wp\/v2\/comments?post=3089"}],"version-history":[{"count":0,"href":"https:\/\/fiaf.net\/diaf\/wp-json\/wp\/v2\/pages\/3089\/revisions"}],"wp:attachment":[{"href":"https:\/\/fiaf.net\/diaf\/wp-json\/wp\/v2\/media?parent=3089"}],"curies":[{"name":"wp","href":"https:\/\/api.w.org\/{rel}","templated":true}]}}

<hr />
<p style="text-align: right"><strong>  <span style="text-decoration: underline"><a href="https://fiaf.net/diaf/wp-content/uploads/sites/26/2015/03/NotiziarioAV67.pdf">L&#8217;articolo può essere stampato dal Notiziario n° 67/2015</a></span>  &#8211;   <span style="text-decoration: underline"><a href="https://fiaf.net/diaf/drammaturgia/">Back</a></span></strong></p>
<p style="text-align: left"><strong><span style="color: #000000">di Gianni Rossi</span></strong></p>
<p style="text-align: justify"><span style="color: #000000">Sentii parlare per la prima volta<a style="color: #000000" href="https://fiaf.net/diaf/wp-content/uploads/sites/26/2015/12/Auschwitz-2.jpg"><img loading="lazy" decoding="async" class="alignleft wp-image-3087" src="https://fiaf.net/diaf/wp-content/uploads/sites/26/2015/12/Auschwitz-2-300x191.jpg" alt="Auschwitz-2" width="400" height="254" srcset="https://fiaf.net/diaf/wp-content/uploads/sites/26/2015/12/Auschwitz-2-300x191.jpg 300w, https://fiaf.net/diaf/wp-content/uploads/sites/26/2015/12/Auschwitz-2.jpg 600w" sizes="auto, (max-width: 400px) 100vw, 400px" /></a> di “<em>drammaturgia</em>” molti anni fa, da Boris Gradnik, animatore di infinite attività del Dipartimento DiAF e nel contempo autore di opere riconosciute a livello nazionale e internazionale. Era un termine che Boris utilizzava molto spesso nei Seminari per esprimere considerazioni e giudizi sugli audiovisivi presentati.</span></p>
<p style="text-align: justify"><span style="color: #000000">La prima volta, nonostante i miei studi classici, rimasi spiazzato. Mi toccava di sentire, dalla autorevole voce di Boris, che quell’audiovisivo su Auschwitz era “<em>privo di drammaturgia</em>”. Ma come? e i prigionieri? e i forni crematori? e l’olocausto? Poco dopo proietta Roberto Santini, arcinoto autore di audiovisivi umoristici ridicolissimi. E di nuovo Boris: <em>finalmente un’opera come si deve, ricca di drammaturgia!</em> Sconcerto profondo.</span></p>
<p style="text-align: justify"><span style="color: #000000">Mi sentii in dovere di rispolverare le mie conoscenze liceali e scoprii che ero caduto in un equivoco grossolano. Verificate anche voi: &#8220;<em>La <strong>drammaturgia</strong> è l&#8217;arte di scrivere drammi… Un <strong>dramma</strong> è una forma letteraria che include parti scritte per essere interpretate da attori…. Un dramma può avere argomento <strong>tragico</strong> o <strong>comico</strong></em>&#8221; recita Wikipedia, con riferimento al Dizionario della Lingua Italiana e alla Enciclopedia Britannica.</span></p>
<p style="text-align: justify"><span style="color: #000000"><a style="color: #000000" href="https://fiaf.net/diaf/wp-content/uploads/sites/26/2015/12/dopo-aver-visto-certi-audiovisivi-2.jpg"><img loading="lazy" decoding="async" class="alignright wp-image-3096" src="https://fiaf.net/diaf/wp-content/uploads/sites/26/2015/12/dopo-aver-visto-certi-audiovisivi-2-199x300.jpg" alt="dopo-aver-visto-certi-audiovisivi-2" width="300" height="451" srcset="https://fiaf.net/diaf/wp-content/uploads/sites/26/2015/12/dopo-aver-visto-certi-audiovisivi-2-199x300.jpg 199w, https://fiaf.net/diaf/wp-content/uploads/sites/26/2015/12/dopo-aver-visto-certi-audiovisivi-2.jpg 400w" sizes="auto, (max-width: 300px) 100vw, 300px" /></a>Appurato questo, rimaneva aperto un altro problema. Boris catalogava un&#8217;opera come ricca di drammaturgia e un&#8217;altra no. Perchè? In base a cosa? Una ricerca semantica più sofisticata ed ecco: &#8220;&#8230; <em>la parola drammaturgia ha assunto significato più ampio dell&#8217;originale, non limitandosi unicamente ad indicare l&#8217;atto dello scrivere per il teatro, ma anche</em> <strong><em>la serie di connessioni interne che esistono tra i diversi elementi che compongono lo spettacolo</em></strong>&#8220;.</span></p>
<p style="text-align: justify"><span style="color: #000000">E&#8217; sufficiente trasferire queste considerazioni all&#8217;audiovisivo fotografico e il gioco è fatto: a) noi realizziamo uno <strong><em>spettacolo</em></strong>; b) questo è composto da <strong><em>diversi elementi</em></strong>; c) questi elementi hanno delle <strong><em>connessioni interne</em></strong>; d) le connessioni interne costituiscono la <strong><em>drammaturgia</em></strong>.</span></p>
<p style="text-align: justify"><span style="color: #000000">Va da sé che <strong><em>buone connessioni interne</em></strong> equivalgono a <strong><em>buona drammaturgia</em></strong>. Un audiovisivo <em>comico</em> avrà una buona drammaturgia quando le sue <em>componenti</em> (idea, immagini, colonna sonora, montaggio, titolo ecc.) risultano <em>ben connesse</em> tra loro e alla finalità che l&#8217;autore si è posto. Se la finalità (come si presume) è <em>far ridere</em>, <strong><em>tutte</em></strong> le componenti devono far ridere.</span></p>
<p style="text-align: justify"><span style="color: #000000">Purtroppo la parola drammaturgia ha quella maledetta radice &#8220;<em>dramma</em>&#8221; che confonde le idee. Perchè dramma è anche la radice di <em>drammatico</em>. Ne consegue che si è portati a pensare, come feci io la prima volta a proposito di Auschwitz, che un&#8217;opera drammatica sia ricca di <em>drammaturgia</em>.</span></p>
<p style="text-align: justify"><span style="color: #000000">Quando sentiremo pronunciare questa parola nei nostri seminari, per evitare confusione, consiglio di pensare subito ai suoi sinonimi: <em>coerenza, adeguatezza, corrispondenza</em>, meno incisivi ma più immediati.</span></p>
<p style="text-align: justify"><span style="color: #000000">Aria fritta, dirà qualcuno. Ma proviamo, alla luce di queste considerazioni e in particolare all&#8217;assioma <em>buone connessioni interne = buona drammaturgia</em>, a valutare un audiovisivo. Vi propongo di farlo con un audiovisivo umoristico, è più facile. Visto che la sua finalità è far ridere, proviamo a valutare le connessioni interne elemento per elemento. Il <strong><em>titolo</em></strong> fa ridere? le <strong><em>immagini</em></strong> sono coerenti con il titolo e con l&#8217;obiettivo che si è posto l&#8217;autore? in sostanza fanno ridere? la <strong><em>colonna sonora</em></strong> è adeguata e coerente (drammaturgica quindi) con le diverse sequenze fotografiche? cioè l&#8217;abbinamento musica/sequenza fotografica fa ridere? e così via per <em>ritmo</em>, <em>dissolvenze</em>, per tutti le componenti dell&#8217;opera. Le stesse <em>fonts</em> utilizzate per i titoli.</span></p>
<p style="text-align: justify"><span style="color: #000000">Il cinema in questo è maestro: Dario Argento, Fellini, Spielberg, in realtà tutti i registi lavorano così.</span></p>
<p style="text-align: justify"><span style="color: #000000">Ma non si tratta solo di un&#8217;analisi per esprimere giudizi. Molto di più. E&#8217; un&#8217;analisi che l&#8217;autore stesso per primo deve fare mentre crea la sua opera, mentre seleziona le foto adatte, mentre sceglie brani musicali, cioè in tutte le fasi della costruzione.</span></p>
<p style="text-align: justify"><span style="color: #000000">Ne risulterà un&#8217;opera in cui gli elementi hanno una fortissima coerenza tra loro e contribuiscono insieme alla finalità. Conclusione: la sinergia di tutti questi elementi ben studiati e fortemente drammaturgici inevitabilmente ottimizza la percezione dell&#8217;audiovisivo ed è una condizione base per una buona <strong><em>Dinamica Comunicativa</em></strong>.</span></p>

    <div class="xs_social_share_widget xs_share_url after_content 		main_content  wslu-style-1 wslu-share-box-shaped wslu-fill-colored wslu-none wslu-share-horizontal wslu-theme-font-no wslu-main_content">

		
        <ul>
			        </ul>
    </div>

<p>  L&#8217;articolo può essere stampato dal Notiziario n° 67/2015  &#8211;   Back di Gianni Rossi Sentii parlare per la prima volta &hellip;</p>
