{"id":7947,"date":"2020-02-29T11:23:43","date_gmt":"2020-02-29T10:23:43","guid":{"rendered":"https:\/\/fiaf.net\/diaf\/?page_id=7947"},"modified":"2020-02-29T11:23:43","modified_gmt":"2020-02-29T10:23:43","slug":"14-circuito-nazionale-regolamento","status":"publish","type":"page","link":"https:\/\/fiaf.net\/diaf\/14-circuito-nazionale-regolamento\/","title":{"rendered":"14\u00b0 Circuito Nazionale &#8211; Regolamento"},"content":{"rendered":"<hr \/>\n<p style=\"text-align: right\"><span style=\"color: #000000\"><strong>Regolamento<\/strong><\/span>\u00a0\u00a0\u00a0 <span style=\"text-decoration: underline;color: #003366\"><a style=\"color: #003366;text-decoration: underline\" href=\"https:\/\/fiaf.net\/diaf\/wp-content\/uploads\/sites\/26\/2020\/08\/14\u00b0Circuito-CLASSIFICA-CORRETTA-DA-SPEDIRE-COLORATA.pdf\"><strong>Classific<\/strong><strong>a<\/strong><strong> finale<\/strong><\/a><\/span><strong><span style=\"color: #000080\"><span style=\"color: #000000\">\u00a0<\/span>\u00a0<\/span>\u00a0<span style=\"text-decoration: underline;color: #003366\"><a style=\"color: #003366;text-decoration: underline\" href=\"https:\/\/fiaf.net\/diaf\/wp-content\/uploads\/sites\/26\/2020\/08\/14\u00b0Circuito-DATE-PREMIAZIONI.pdf\">Date delle premiazioni<\/a><\/span>\u00a0 \u00a0<span style=\"color: #000080\"><span style=\"color: #003366\"><a style=\"color: #003366\" href=\"https:\/\/fiaf.net\/diaf\/14-circuito-nazionale-audiovisivi\/\">Audiovisivi<\/a><\/span>\u00a0<\/span><\/strong><span style=\"color: #000080\">\u00a0\u00a0<\/span> <span style=\"color: #000080\"><strong>Back<\/strong><\/span><\/p>\n<ul>\n<li style=\"text-align: left\"><span style=\"text-decoration: underline;color: #003366\"><em><a style=\"color: #003366;text-decoration: underline\" href=\"https:\/\/fiaf.net\/diaf\/wp-content\/uploads\/sites\/26\/2020\/02\/Regolamento-AUTORI-14\u00b0-circuito-AV-2020-def.pdf\">Regolamento autori partecipanti in PDF<\/a><\/em><\/span><\/li>\n<li style=\"text-align: left\"><span style=\"color: #003366\"><span style=\"text-decoration: underline\"><em><a style=\"color: #003366;text-decoration: underline\" href=\"https:\/\/fiaf.net\/diaf\/wp-content\/uploads\/sites\/26\/2018\/01\/SCHEDA-DIAF-2018-ultima_scrivibile.pdf\">Scheda iscrizione AV\u00a0in PDF<\/a><\/em><\/span><\/span><\/li>\n<li style=\"text-align: left\"><span style=\"text-decoration: underline;color: #003366\"><em><a style=\"color: #003366\" href=\"https:\/\/fiaf.net\/diaf\/wp-content\/uploads\/sites\/26\/2020\/08\/14\u00b0Circuito-CLASSIFICA-CORRETTA-DA-SPEDIRE-COLORATA.pdf\">Classifica\u00a0finale<\/a><\/em><\/span><\/li>\n<li style=\"text-align: left\"><span style=\"text-decoration: underline\"><span style=\"color: #003366\"><em><a style=\"color: #003366;text-decoration: underline\" href=\"https:\/\/fiaf.net\/diaf\/wp-content\/uploads\/sites\/26\/2020\/08\/14\u00b0Circuito-DATE-PREMIAZIONI.pdf\">Date delle premiazioni<\/a><\/em><\/span><\/span><\/li>\n<\/ul>\n<hr \/>\n<p><span style=\"color: #ff0000\"><em><span style=\"text-decoration: underline\"><strong>Generalit\u00e0<\/strong><\/span><\/em><\/span><br \/>\nIl 14\u00b0 Circuito Nazionale \u00e8 coordinato dal DiAF Dipartimento Audiovisivi FIAF e si articola in 12 \u201ctappe \u201c, da Giugno a Novembre 2020, ciascuna organizzata dai Circoli Fotografici aderenti con lo scopo di diffondere la cultura dell\u2019audiovisivo fotografico.<br \/>\nOgni tappa \u00e8 un Concorso indipendente con una propria Giuria che avr\u00e0 il compito di valutare e classificare gli audiovisivi pervenuti assegnando i premi in palio ed i punteggi validi per la Statistica AV FIAF ai primi 15 classificati solo se iscritti alla FIAF.<\/p>\n<p style=\"text-align: left\"><em><span style=\"text-decoration: underline;color: #ff0000\"><strong>Definizione dell\u2019audiovisivo\u00a0<\/strong><\/span><\/em><br \/>\nL\u2019audiovisivo fotografico \u00e8 una proiezione che unisce immagini, talvolta con inserti video, time-lapse, stop-motion\u2026. supportati da una colonna sonora (rumori, suoni, musiche, parlati\u2026); l\u2019immagine fotografica \u00e8 l\u2019elemento caratterizzante dell\u2019audiovisivo fotografico.<br \/>\nLa sinergia tra immagini e colonna sonora \u00e8 lasciata alla creativit\u00e0 degli autori ma l\u2019opera deve risultare armoniosamente integrata.<br \/>\nL\u2019Autore esprime un\u2019idea, porta ad una riflessione, racconta una storia, illustra una canzone, ecc.; l\u2019argomento \u00e8 libero e tutti gli audiovisivi saranno valutati dalle Giurie senza distinzione.<\/p>\n<hr \/>\n<p><span style=\"text-decoration: underline;color: #ff0000\"><strong><em>REQUISITI DI PARTECIPAZIONE<\/em><\/strong><\/span><\/p>\n<blockquote>\n<h5 style=\"text-align: left\">Termini di iscrizione:\u00a010 maggio 2020<\/h5>\n<h5 style=\"text-align: left\">Durata massima 10 minuti<\/h5>\n<\/blockquote>\n<p><span style=\"color: #ff0000\"><span style=\"color: #000000\">In relazione ai nuovi criteri di assegnazione punteggi per le Onorificenze AVF ogni autore potr\u00e0 presentare fino a<\/span> <strong>DUE OPERE SINGOLE\u00a0+ UN&#8217;OPERA CO-PRODOTTA<\/strong>.<\/span><\/p>\n<p><span style=\"color: #ff0000\"><span style=\"color: #000000\">Saranno ammesse<\/span> <strong>OPERE DI CIRCOLO O DI GRUPPO<\/strong>, <span style=\"color: #000000\">che saranno equiparate alle opere di autore singolo, e quindi riceveranno il punteggio della Statistica DiAF: in tal caso l\u2019iscrizione dovr\u00e0 avvenire a nome del circolo o del gruppo. <\/span><\/span><\/p>\n<p><span style=\"color: #000000\">Per le opere co-prodotte da due o tre autori l\u2019eventuale punteggio ottenuto sar\u00e0 suddiviso tra gli autori stessi. In caso di opere con pi\u00f9 di 3 autori non sar\u00e0 assegnato alcun punteggio.<\/span><\/p>\n<p>E\u2019 obbligatoria l\u2019iscrizione del co-autore quando la fotografia o il montaggio sono interamente di un autore, diverso dall\u2019autore che presenta l\u2019opera. In questo caso la paternit\u00e0 dell\u2019opera in questione sar\u00e0 attribuita a due autori, non a uno solo.<\/p>\n\n\t\t<div class=\"box shadow  \">\n\t\t\t<div class=\"box-inner-block\">\n\t\t\t\t<span class=\"fa tie-shortcode-boxicon\"><\/span> <strong><span style=\"color: #000000\">Sezioni speciali del 14\u00b0 Circuito <\/span><\/strong><\/p>\n<p><span style=\"color: #000000\">E&#8217; confermata la <strong>Speciale Sezione riservata a Scuole e Giovani<\/strong>, che prevede la partecipazione gratuita per tutti gli studenti fino a 30 anni di et\u00e0.<\/span>\n\t\t\t<\/div>\n\t\t<\/div>\n\t\n<hr \/>\n<p><em><span style=\"text-decoration: underline;color: #ff0000\"><strong>CONSIDERAZIONI TECNICHE<\/strong><\/span><\/em><\/p>\n<p>Gli audiovisivi partecipanti al 14\u00b0 Circuito potranno essere realizzati con qualsiasi tipo di software ed inviati nel formato finale:<\/p>\n<p>File .mp4 FULLHD con compressione H.264 \u2013 1080 pixel<br \/>\no in alternativa file video HD equivalente\u00a0(.MOV per utenti Mac o .WMV per utenti Win)<\/p>\n<p><span style=\"color: #000000\"><strong><u>Non saranno ammessi:<\/u><\/strong><u><br \/>\n<\/u><\/span><\/p>\n<ul>\n<li><span style=\"color: #000000\">Audiovisivi che abbiano scadenze temporali per la visione.<\/span><\/li>\n<li>Audiovisivi che abbiano partecipato alle precedenti edizioni del Circuito.<\/li>\n<\/ul>\n\n\t\t<div class=\"box shadow  \">\n\t\t\t<div class=\"box-inner-block\">\n\t\t\t\t<span class=\"fa tie-shortcode-boxicon\"><\/span><span style=\"color: #000000\"><strong>AVVERTENZA<\/strong><\/span><\/p>\n<p>Nei titoli di coda dell\u2019audiovisivo dovranno comparire tutti i riferimenti relativi alle immagini, alle sequenze video e alle colonne sonore (proprie o di terzi) che compaiono nella scheda DIAF.<\/p>\n<p><span style=\"color: #000000\"><strong>Al <\/strong><\/span><strong><span style=\"color: #000000\">Dipartimento DiAF sar\u00e0 delegata l\u2019unica ed insindacabile decisione di rifiutare opere che non ottemperino ai requisiti tecnici e di Copyright<\/span>.<\/strong>\n\t\t\t<\/div>\n\t\t<\/div>\n\t\n<hr \/>\n<p><span style=\"text-decoration: underline;color: #ff0000\"><strong><em>QUOTA DI PARTECIPAZIONE<\/em><\/strong><\/span><\/p>\n<p>La quota d\u2019iscrizione, per tutte le tappe del circuito:<br \/>\nper i soci FIAF:<\/p>\n<ul>\n<li>\u20ac 60,00 per una sola opera presentata<\/li>\n<li>\u20ac 80,00 per due opere singole presentate oppure una singola + una co-prodotta<\/li>\n<li>\u20ac 100,00 per due opere singole + una co-prodotta<\/li>\n<\/ul>\n<p>Per i non soci FIAF:<\/p>\n<ul>\n<li>\u20ac 110,00 per una sola opera presentata<\/li>\n<li>\u20ac 130,00 per due opere singole presentate oppure una singola + una co-prodotta<\/li>\n<li>\u20ac 150,00 per due opere singole + una co-prodotta<\/li>\n<\/ul>\n\n\t\t<div class=\"box shadow  \">\n\t\t\t<div class=\"box-inner-block\">\n\t\t\t\t<span class=\"fa tie-shortcode-boxicon\"><\/span> <strong><span style=\"color: #ff0000\">Se un autore non \u00e8 mai stato socio FIAF, \u00e8 prevista la possibilit\u00e0 di iscriversi alla FIAF a quota agevolata (\u20ac. 35), partecipando quindi al Circuito come socio<\/span><\/strong>\n\t\t\t<\/div>\n\t\t<\/div>\n\t\n<p><span style=\"color: #000000\"><em>Il pagamento della quota di partecipazione dovr\u00e0 avvenire tramite bonifico bancario con le seguenti coordinate:<\/em><\/span><\/p>\n<p style=\"text-align: center\"><strong><span style=\"color: #ff0000\">ATTENZIONE! E\u2019 cambiato l\u2019IBAN rispetto allo scorso anno<\/span><\/strong><\/p>\n<blockquote><p>INTESA SAN PAOLO:\u00a0IBAN &#8211; IT72A0306967684510749153827<br \/>\nIntestato a FIAF &#8211; Federazione Italiana Associazioni Fotografiche<\/p><\/blockquote>\n<p><span style=\"color: #000000\">Non inviare quote in contanti a mezzo posta.<\/span><\/p>\n<hr \/>\n<p><span style=\"text-decoration: underline;color: #ff0000\"><strong><em>INVIO DELLE OPERE<\/em><\/strong><\/span><\/p>\n\n\t\t<div class=\"box shadow  \">\n\t\t\t<div class=\"box-inner-block\">\n\t\t\t\t<span class=\"fa tie-shortcode-boxicon\"><\/span>Ogni autore dovr\u00e0 inviare a mezzo siti di trasferimento file di grandi dimensioni (max 2 GB) tipo <a href=\"http:\/\/www.wetransfer.com\" target=\"_blank\" rel=\"noopener\">www.wetransfer.com<\/a> o similari un file zippato contenente tutto il materiale richiesto per la partecipazione al 14\u00b0 Circuito all\u2019indirizzo <a href=\"mailto:segreteria.diaf@gmail.com\">segreteria.diaf@gmail.com<\/a>\n\t\t\t<\/div>\n\t\t<\/div>\n\t\n<ol>\n<li>La scheda DIAF:\u00a0<a href=\"https:\/\/fiaf.net\/diaf\/wp-content\/uploads\/sites\/26\/2018\/01\/SCHEDA-DIAF-2018-ultima_scrivibile.pdf\">https:\/\/fiaf.net\/diaf\/wp-content\/uploads\/sites\/26\/2018\/01\/SCHEDA-DIAF-2018-ultima_scrivibile.pdf<\/a> firmata. La scheda andr\u00e0 compilata in ogni sua parte e dovr\u00e0 riportare tutti i riferimenti relativi alle immagini, alle sequenze video e alle colonne sonore (propri o di terzi). Esempio: contributi prelevati da archivi storici, dal web, da altri autori, ecc ecc &#8230;<\/li>\n<li>Copia del versamento della quota<\/li>\n<li>Una fototessera dell\u2019autore in formato digitale .jpg (10&#215;15 cm a 300 dpi)<\/li>\n<li>Locandina illustrata dell\u2019opera in formato orizzontale recante il titolo dell\u2019opera e nome dell\u2019autore in formato .jpg 20&#215;30 cm a 300 dpi<\/li>\n<li>File .mp4 FULLHD con compressione H.264 &#8211; 1080 pixel\u00a0o in alternativa .MOV per utenti Mac o .WMV per utenti Win<\/li>\n<\/ol>\n<hr \/>\n<p><span style=\"text-decoration: underline\"><em><strong><span style=\"color: #ff0000;text-decoration: underline\">TAPPE DEL CIRCUITO<\/span><\/strong><\/em><\/span><\/p>\n<p>Le tappe del Circuito sono:<br \/>\n1. Gruppo Fotografico EIKON AV-BFI &#8211; Torino TO<br \/>\n2. Gruppo Fotografico Lo Scatto BFI &#8211; Garda VR<br \/>\n3. Circolo Fotografico Zoom AV-BFI &#8211; Salsomaggiore PR<br \/>\n4. Aternum Fotoamatori Abruzzesi BFI SMF &#8211; Pescara PE<br \/>\n5. Circolo Fotografico il Palazzaccio \u2013 S.Giovanni in Persiceto BO<br \/>\n6. Gruppo Fotoamatori Sestesi EFI &#8211; Sesto San Giovanni MI<br \/>\n7. Gruppo Fotografico Immaginarte &#8211; Castelvetro Piacentino PC<br \/>\n8. Fotoamatori \u201cFrancesco Mochi\u201d BFI &#8211; Montevarchi AR<br \/>\n9. Circolo Fotografico Desiano SMF BFI &#8211; Desio MB<br \/>\n10. Circolo Fotografico Milanese EFI &#8211; Milano MI<br \/>\n11. Circolo Carpe Diem Sestri Levante &#8211; Genova GE<br \/>\n12. Cortona Photo Academy \u2013 Cortona AR<\/p>\n<hr \/>\n<p><span style=\"text-decoration: underline;color: #ff0000\"><em><strong>GIURIE<\/strong><\/em><\/span><\/p>\n<p>La Giuria di ogni tappa dovr\u00e0 essere tassativamente formata da 3 o 5 elementi tra cui:<\/p>\n<ul>\n<li>almeno un insignito FIAF o FIAP o docente FIAF per gli Audiovisivi o un giudice<br \/>\ncertificato al corso valutatori di Audiovisivi DiAF<\/li>\n<li>uno o due (nel caso di Giuria con 5 membri) rappresentanti del Circolo Organizzatore<\/li>\n<li>almeno un giurato con esperienza nel campo AV anche esterno al circolo<\/li>\n<\/ul>\n<p>Gli autori partecipanti al Circuito <span style=\"text-decoration: underline\"><strong>non potranno far parte di nessuna delle Giurie previste. Ogni giurato potr\u00e0 partecipare ad una sola giuria.<\/strong><\/span><\/p>\n<hr \/>\n<p><span style=\"text-decoration: underline;color: #ff0000\"><em><strong>CLASSIFICHE DI TAPPA E CLASSIFICA FINALE\u00a0DEL 14\u00b0 CIRCUITO<\/strong><\/em><\/span><\/p>\n<p>Il DiAF, coordinatore del Circuito, invier\u00e0 ad ogni autore le classifiche di ogni tappa dei primi 15 classificati con le motivazioni della Giuria; gli autori che non rientrano nei primi 15 saranno classificati in gruppi ( B, C, D) a pari merito. La classifica finale del 14\u00b0 Circuito Nazionale 2020 sar\u00e0 compilata dalla segreteria DiAF in base ai piazzamenti ottenuti dalle opere in ogni tappa.<\/p>\n<p><span style=\"text-decoration: underline\">Gli audiovisivi di autori appartenenti ai Circoli organizzatori non verranno classificati nella tappa del proprio Circolo: in sede di calcolo per la classifica finale il DiAF assegner\u00e0, per la tappa in cui l\u2019autore non potr\u00e0 essere classificato, una votazione pari alla media matematica delle votazioni ottenute nelle altre tappe.<\/span><\/p>\n<p><strong><span style=\"color: #ff0000\">Tutte le classifiche di tappa e la classifica finale 2020 saranno rese note e comunicate agli Autori entro il 31 luglio 2020.<\/span><\/strong><\/p>\n<hr \/>\n<p><span style=\"text-decoration: underline\"><strong><em><span style=\"color: #ff0000;text-decoration: underline\">GUIDA alla classificazione degli AV\u00a0<\/span><\/em><\/strong><\/span><\/p>\n<p>Vuole essere un\u2019indicazione per aiutare l&#8217;autore a collocare la sua opera in una specifica categoria: la categoria scelta sar\u00e0 quella della caratteristica prevalente dell&#8217;audiovisivo.<\/p>\n<p>Alcune opere possono infatti rientrare in pi\u00f9 categorie: in questo caso l&#8217;autore indica quella che secondo la sua intenzione \u00e8 prevalente (esempio Luogo Stati Uniti &#8211; Parco di Yellowstone potrebbe essere documentario di luogo (Stati Uniti) di Natura (parco Yellowstone) e di viaggio (tappe di avvicinamento).<\/p>\n<p>La categoria sar\u00e0 quella ove \u00e8 messo l&#8217;accento in termini di contenuto e di immagini, ritenendo le altri funzionali ma accessorie. Se si equivalgono, vale il concetto di &#8220;luogo&#8221;.<\/p>\n<p><strong>DOCUMENTARIO <\/strong><\/p>\n<p>L\u2019opera che rientra nella categoria \u201cDocumentario\u201d \u00e8 un&#8217;opera audiovisiva i cui elementi narrativi ed espressivi costitutivi sono colti dalla realt\u00e0, secondo lo stile narrativo dell&#8217;autore.<\/p>\n<blockquote>\n<ul>\n<li><strong>Luoghi<\/strong> &#8211; documenta un luogo attraverso l&#8217;insieme delle sue caratteristiche naturali, urbanistiche, geografiche, storiche.<\/li>\n<li><strong>Creazioni dell\u2019uomo<\/strong> &#8211; documenta le opere dell&#8217;ingegno umano: artefatti, architettura, fabbriche, pittori, musicisti, etc.<\/li>\n<li><strong>Storico<\/strong> &#8211; un avvenimento storico viene analizzato e descritto dall&#8217;autore con immagini proprie e\/o di repertorio ed un testo adeguato.<\/li>\n<li><strong>Natura<\/strong> &#8211; documenta un evento naturale o luogo protetto (parchi) o descrive vita e forme di particolari specie o insiemi di esseri viventi.<\/li>\n<li><strong>Sociale<\/strong> &#8211; documenta un evento o luogo con particolare riferimento al significato sociale (disabilit\u00e0, sfruttamento, religione, emarginazione, degrado, politica etc.)<\/li>\n<li><strong>Viaggio<\/strong> &#8211; documento il viaggio come &#8220;percorso da\/a&#8221; nell&#8217;accezione di movimento attraverso diversi luoghi per raggiungere una meta. Nel documentario di viaggio l&#8217;oggetto di comunicazione non \u00e8 il singolo luogo, o manifestazione esotica (che rientrano nelle categorie &#8220;Luoghi&#8221; o &#8220;Natura&#8221;) ma il processo di avvicinamento progressivo e anche di trasformazione interiore derivante dal viaggiare. Esempio: il pellegrinaggio alle sorgenti del Gange o il Camino di Santiago o il viaggio a Capo Nord passando per Germania\/Danimarca\/Svezia etc.<\/li>\n<\/ul>\n<\/blockquote>\n<p><strong>CREATIVO <\/strong><\/p>\n<p>L\u2019opera che rientra nella categoria \u201cCreativo\u201d \u00e8 un&#8217;opera che non ha particolari riferimenti alla realt\u00e0 effettiva spazio\/temporale ma crea un contesto di fantasia e si muove coerentemente in esso, sia raccontando una storia (fiction) sia utilizzando immagini ove l&#8217;aspetto estetico\/creativo \u00e8 prevalente rispetto a quello realistico.<\/p>\n<blockquote>\n<ul>\n<li><strong>Fiction <\/strong>&#8211; una storia costruita dall&#8217;autore e rappresentata con immagini e colonna sonora.<\/li>\n<li><strong>Sperimentale<\/strong> &#8211; tutto quanto non rientra nelle altre categorie o viene sviluppato con un linguaggio e\/o tecnica non consolidata.<\/li>\n<li><strong>Umoristico<\/strong> &#8211; una storia o documentazione di un evento luogo connotati da una vena umoristica che prevale sugli altri aspetti creando situazioni assurde ed irreali o esasperando volutamente alcuni aspetti.<\/li>\n<\/ul>\n<\/blockquote>\n<p><strong>ILLUSTRAZIONE <\/strong><\/p>\n<blockquote>\n<ul>\n<li><strong>Poesia<\/strong> &#8211; il testo di una poesia \u00e8 utilizzato per svilupparne, con colonna sonora e immagini una illustrazione personale.<\/li>\n<li><strong>Testo letterario<\/strong> &#8211; un testo \u00e8 utilizzato per svilupparne, con colonna sonora e immagini una illustrazione personale.<\/li>\n<li><strong>Musica<\/strong> &#8211; un brano musicale \u00e8 utilizzato per sviluppare, con immagini dell&#8217;autore, una illustrazione personale.<\/li>\n<li><strong>Canzone<\/strong> &#8211; una canzone (musica + testo) \u00e8 utilizzato per sviluppare, con immagini dell&#8217;autore una lettura personale.<\/li>\n<\/ul>\n<\/blockquote>\n<hr \/>\n<p><span style=\"text-decoration: underline;color: #ff0000\"><em><strong>PREMIAZIONI E PREMI<\/strong><\/em><\/span><\/p>\n<p><span style=\"color: #000000\">Ogni circolo organizzer\u00e0 la propria premiazione di tappa e comunicher\u00e0 agli autori premiati luogo, data, orario e premi assegnati.<\/span><\/p>\n<p><span style=\"color: #000000\"><strong>La premiazione della classifica finale e dei premi speciali dell\u201914\u00b0 Circuito si svolger\u00e0 il 24 Ottobre 2020 a Garda (Verona) presso il Resort Poiano all\u2019interno del 24\u00b0 Seminario DiAF.<\/strong><\/span><\/p>\n<p><span style=\"color: #000000\">Verranno assegnati tre premi:<\/span><\/p>\n<p><span style=\"color: #000000\"><strong>1\u00b0 Premio <\/strong><\/span><\/p>\n<ul>\n<li>Trofeo 14\u00b0 Circuito + Prestigioso Premio offerto dalla Ditta Manco<\/li>\n<\/ul>\n<p><span style=\"color: #000000\"><strong>2\u00b0 Premio<\/strong><strong>\u00a0<\/strong><\/span><\/p>\n<ul>\n<li>Trofeo 14\u00b0 Circuito + Prestigioso Premio offerto dalla Ditta Manco<\/li>\n<\/ul>\n<p><span style=\"color: #000000\"><strong>3\u00b0 Premio<\/strong><\/span><\/p>\n<ul>\n<li>Trofeo 14\u00b0 Circuito + Prestigioso Premio offerto dalla Ditta Manco<\/li>\n<\/ul>\n<p>Inoltre:<br \/>\n<strong>Alle migliori opere segnalate nei Fattori di valutazione di Montaggio\/Regia e Fotografia Immagini \/ Video verr\u00e0 offerta la Partecipazione gratuita al Corso \u201cDa Vinci\u201d offerta dalla ditta Manco<\/strong><\/p>\n<p><span style=\"color: #000000\">Il Dipartimento DiAF assegner\u00e0 inoltre alcuni<strong>\u00a0Premi Speciali<\/strong> alle opere che hanno ricevuto il maggior numero di segnalazioni (come minimo 3) da parte di tutte le giurie dell\u201913\u00b0 Circuito:<\/span><\/p>\n<p><span style=\"color: #000000\"><strong>\u00a0<\/strong>Fattori di valutazione<\/span><\/p>\n<ul>\n<li><span style=\"color: #000000\">Idea \/ soggetto<\/span><\/li>\n<li><span style=\"color: #000000\">Regia \/ montaggio<\/span><\/li>\n<li><span style=\"color: #000000\">Fotografia immagini \/ video<\/span><\/li>\n<li><span style=\"color: #000000\">Colonna sonora<\/span><\/li>\n<\/ul>\n<p><span style=\"color: #000000\">Categorie:<\/span><\/p>\n<ul>\n<li><span style=\"color: #000000\">Documentazione<\/span><\/li>\n<li><span style=\"color: #000000\">Creativo<\/span><\/li>\n<li><span style=\"color: #000000\">Illustrazione<\/span><\/li>\n<\/ul>\n<p><span style=\"color: #000000\">Segnalazioni speciali<\/span><\/p>\n<ul>\n<li><span style=\"color: #000000\">Miglior opera solo fotografica<\/span><\/li>\n<li><span style=\"color: #000000\">Miglior opera umoristica<\/span><\/li>\n<li><span style=\"color: #000000\">Migliore opera di autore partecipante alla sezione speciale Giovani.<\/span><\/li>\n<\/ul>\n<hr \/>\n<p><span style=\"text-decoration: underline;color: #ff0000\"><em><strong>COPYRIGHT<\/strong><\/em><\/span><\/p>\n<p>Gli autori degli audiovisivi iscritti al Circuito devono possedere tutte le autorizzazioni necessarie all\u2019utilizzo di materiale (fotografico, video, audio, grafico, ecc.) eventualmente realizzato da terzi, nonch\u00e9 le liberatorie necessarie rilasciate dai soggetti ripresi o da parte di chi ne ha la tutela legale* (detti documenti devono poter essere esibiti su eventuale richiesta dell\u2019organizzazione).<br \/>\nIn qualunque caso, i contenuti non propri dovranno essere liberi da ogni tipo di diritto detenuto da terzi: gli autori saranno totalmente responsabili del materiale presentato.<\/p>\n<p><span style=\"color: #ff0000\">Allo scopo di non vanificare la fantasia e la creativit\u00e0 degli autori stessi, opere audiovisive composte con l\u2019impiego di montaggi preformati da social network, cio\u00e8 l&#8217;intera costruzione del lavoro scaricato da YouTube, Vimeo etc etc ( idea, regia, musica, parlato, montaggio\u2026), per le quali non risulti prevalente \u201cla mano\u201d dell\u2019autore, saranno escluse dal Circuito, come espresso al paragrafo 4 del presente Regolamento, senza restituzione della quota di iscrizione.<\/span><br \/>\n<span style=\"color: #ff0000\">Sono consentite brevi sequenze per evidenti necessit\u00e0 di dinamica comunicativa, previa autorizzazione dell\u2019autore e, ove non possibile, con segnalazione nei titoli di coda e nella scheda DiAF 2018.<\/span><\/p>\n<p>* dette liberatorie sono necessarie per i minori, le persone incapaci di intendere e di volere e per i beni storici e\/o comunali\u00a0(quest\u2019ultimo documento normalmente \u00e8 rilasciato dall\u2019ufficio beni culturali del comune interessato).<\/p>\n<hr \/>\n<p><span style=\"text-decoration: underline;color: #ff0000\"><em><strong>CONSENSO ALLA PROIEZIONE<\/strong><\/em><\/span><\/p>\n<p>Con la sottoscrizione della Scheda DiAF 2018 gli autori danno il proprio consenso alla proiezione del loro audiovisivo nelle manifestazioni legate alle tappe del circuito stesso ed alla pubblicazione di cataloghi digitali da parte del Dipartimento all\u2019interno del sito <a href=\"https:\/\/fiaf.net\/diaf\">www.fiaf.net\/diaf<\/a> e del canale YouTube DiAF FIAF.<br \/>\nGli autori, inoltre, accettano che il proprio lavoro sia trattenuto nell\u2019archivio DiAF per essere utilizzato dal Dipartimento per tutte le manifestazioni ufficiali indette o patrocinate dallo stesso, nonch\u00e9 a quelle manifestazioni che promuoveranno le iniziative del Dipartimento stesso, previa comunicazione agli Autori interessati.<br \/>\nPer tutti i requisiti non esposti in questo Regolamento si far riferimento al REGOLAMENTO CONCORSI AUDIOVISIVI FOTOGRAFICI ratificato dal Consiglio Nazionale della FIAF il 30 settembre 2017 e scaricabile dal link: <a href=\"https:\/\/fiaf.net\/diaf\/wp-content\/uploads\/sites\/26\/2018\/11\/NUOVO-Regolamento-Concorsi-DiAF-2018_RIVISTO_nov-2018.pdf\">https:\/\/fiaf.net\/diaf\/wp-content\/uploads\/sites\/26\/2018\/11\/NUOVO-Regolamento-Concorsi-DiAF-2018_RIVISTO_nov-2018.pdf<\/a><\/p>\n<p>Roberto Puato<br \/>\nDirettore DiAF<br \/>\nFederazione Italiana<br \/>\nAssociazioni Fotografiche<\/p>\n\n    <div class=\"xs_social_share_widget xs_share_url after_content \t\tmain_content  wslu-style-1 wslu-share-box-shaped wslu-fill-colored wslu-none wslu-share-horizontal wslu-theme-font-no wslu-main_content\">\n\n\t\t\n        <ul>\n\t\t\t        <\/ul>\n    <\/div> \n","protected":false},"excerpt":{"rendered":"<p>Regolamento\u00a0\u00a0\u00a0 Classifica finale\u00a0\u00a0\u00a0Date delle premiazioni\u00a0 \u00a0Audiovisivi\u00a0\u00a0\u00a0 Back Regolamento autori partecipanti in PDF Scheda iscrizione AV\u00a0in PDF Classifica\u00a0finale Date delle premiazioni &hellip;<\/p>\n","protected":false},"author":59,"featured_media":0,"parent":0,"menu_order":0,"comment_status":"closed","ping_status":"closed","template":"page-full.php","meta":{"_acf_changed":false,"footnotes":""},"class_list":["post-7947","page","type-page","status-publish","hentry"],"acf":[],"_links":{"self":[{"href":"https:\/\/fiaf.net\/diaf\/wp-json\/wp\/v2\/pages\/7947","targetHints":{"allow":["GET"]}}],"collection":[{"href":"https:\/\/fiaf.net\/diaf\/wp-json\/wp\/v2\/pages"}],"about":[{"href":"https:\/\/fiaf.net\/diaf\/wp-json\/wp\/v2\/types\/page"}],"author":[{"embeddable":true,"href":"https:\/\/fiaf.net\/diaf\/wp-json\/wp\/v2\/users\/59"}],"replies":[{"embeddable":true,"href":"https:\/\/fiaf.net\/diaf\/wp-json\/wp\/v2\/comments?post=7947"}],"version-history":[{"count":0,"href":"https:\/\/fiaf.net\/diaf\/wp-json\/wp\/v2\/pages\/7947\/revisions"}],"wp:attachment":[{"href":"https:\/\/fiaf.net\/diaf\/wp-json\/wp\/v2\/media?parent=7947"}],"curies":[{"name":"wp","href":"https:\/\/api.w.org\/{rel}","templated":true}]}}