{"id":8569,"date":"2021-11-18T16:42:17","date_gmt":"2021-11-18T15:42:17","guid":{"rendered":"https:\/\/fiaf.net\/diaf\/?page_id=8569"},"modified":"2021-11-18T16:42:17","modified_gmt":"2021-11-18T15:42:17","slug":"presentazione","status":"publish","type":"page","link":"https:\/\/fiaf.net\/diaf\/presentazione\/","title":{"rendered":"Presentazione"},"content":{"rendered":"<p style=\"text-align: justify\"><span style=\"color: #000000\">Il DiAF &#8211; Dipartimento Audiovisivi Fotografici &#8211; \u00e8 il punto di riferimento per i fotoamatori che intendono realizzare un progetto fotografico con l\u2019ausilio di una colonna sonora adeguata. Si prefigge di supportare gli autori con suggerimenti e consigli, valorizzando i valori della creativit\u00e0 attraverso l&#8217;amicizia.<\/span><\/p>\n<p style=\"text-align: center\"><a href=\"https:\/\/fiaf.net\/diaf\/wp-content\/uploads\/sites\/26\/2015\/11\/Foto-1.jpg\"><img loading=\"lazy\" decoding=\"async\" class=\"alignnone wp-image-1805 size-full\" src=\"https:\/\/fiaf.net\/diaf\/wp-content\/uploads\/sites\/26\/2015\/11\/Foto-1.jpg\" alt=\"Foto-1\" width=\"500\" height=\"282\" srcset=\"https:\/\/fiaf.net\/diaf\/wp-content\/uploads\/sites\/26\/2015\/11\/Foto-1.jpg 500w, https:\/\/fiaf.net\/diaf\/wp-content\/uploads\/sites\/26\/2015\/11\/Foto-1-300x169.jpg 300w, https:\/\/fiaf.net\/diaf\/wp-content\/uploads\/sites\/26\/2015\/11\/Foto-1-390x220.jpg 390w\" sizes=\"auto, (max-width: 500px) 100vw, 500px\" \/><\/a><\/p>\n<p style=\"text-align: justify\"><span style=\"color: #000000\">Un <strong>audiovisivo fotografico<\/strong> pu\u00f2 illustrare un\u2019idea, un testo, un brano musicale, una canzone, o anche documentare un avvenimento, una situazione storica o di attualit\u00e0, o ancora raccontare storie vere o di fantasia \u2026.. sempre provando a comunicare al pubblico una propria emozione.<\/span><\/p>\n<p style=\"text-align: justify\"><span style=\"color: #000000\">Compito del Dipartimento DiAF \u00e8 quello di supportare gli autori con suggerimenti e consigli, offrendo la possibilit\u00e0 di approfondimenti specifici dalla creativit\u00e0 alla tecnica realizzativa.<\/span><\/p>\n<p style=\"text-align: justify\"><span style=\"color: #000000\">Il <span style=\"color: #000080\"><strong><a style=\"color: #000080\" href=\"https:\/\/fiaf.net\/diaf\/il-notiziario\/\">Notiziario DiAF<\/a><\/strong><\/span>, in versione on line, e scaricabile nel link a fianco, offre trimestralmente spunti di riflessione sulle varie aree tematiche della produzione di un audiovisivo, recensioni di opere audiovisive e informazioni tecniche sui differenti software di montaggio.<\/span><\/p>\n<p style=\"text-align: justify\"><span style=\"color: #000000\">Questo processo formativo viene integrato attraverso alcune attivit\u00e0 che il Dipartimento propone:<\/span><\/p>\n<ul>\n<li><span style=\"color: #000000\">il <span style=\"color: #000080\"><a style=\"color: #000080\" href=\"https:\/\/fiaf.net\/diaf\/seminario-nazionale-diafattivita\/\"><strong>Seminario Nazionale<\/strong><\/a><\/span>, appuntamento annuale in cui gli autori presentano le loro opere per ricevere commenti e contributi dei presenti<\/span><\/li>\n<\/ul>\n<ul>\n<li><span style=\"color: #000000\"><span style=\"color: #000080\"><strong><a style=\"color: #000080\" href=\"https:\/\/fiaf.net\/diaf\/docenti-diaf\/\">Workshops<\/a><\/strong><\/span> e laboratori sulla costruzione di un audiovisivo e dei suoi software di montaggio<\/span><\/li>\n<\/ul>\n<ul>\n<li><span style=\"color: #000000\"><strong>Proiezioni<\/strong> e <span style=\"color: #000080\"><strong><a style=\"color: #000080\" href=\"https:\/\/fiaf.net\/diaf\/av-lab\/\">letture di audiovisivi<\/a><\/strong><\/span> commentate da esperti<\/span><\/li>\n<\/ul>\n<p style=\"text-align: justify\"><span style=\"color: #000000\">Il DiAF cura anche un aspetto competitivo quale l\u2019organizzazione di un <span style=\"color: #000080\"><strong><a style=\"color: #000080\" href=\"https:\/\/fiaf.net\/diaf\/circuito-nazionale\/\">Circuito Nazionale<\/a><\/strong><\/span>, in cui le tappe di ogni singolo concorso contribuiscono a diffondere le opere audiovisive sul territorio e dalla <span style=\"color: #000080\"><strong><a style=\"color: #000080\" href=\"https:\/\/fiaf.net\/diaf\/coppa-diaf\/\">Coppa DiAF<\/a><\/strong><\/span>, che raccoglie le opere segnalate e vincitrici dei concorsi dell\u2019anno, per determinare l\u2019audiovisivo e l\u2019autore dell\u2019anno.<\/span><\/p>\n\n    <div class=\"xs_social_share_widget xs_share_url after_content \t\tmain_content  wslu-style-1 wslu-share-box-shaped wslu-fill-colored wslu-none wslu-share-horizontal wslu-theme-font-no wslu-main_content\">\n\n\t\t\n        <ul>\n\t\t\t        <\/ul>\n    <\/div> \n","protected":false},"excerpt":{"rendered":"<p>Il DiAF &#8211; Dipartimento Audiovisivi Fotografici &#8211; \u00e8 il punto di riferimento per i fotoamatori che intendono realizzare un progetto &hellip;<\/p>\n","protected":false},"author":59,"featured_media":0,"parent":0,"menu_order":0,"comment_status":"closed","ping_status":"closed","template":"","meta":{"_acf_changed":false,"footnotes":""},"class_list":["post-8569","page","type-page","status-publish","hentry"],"acf":[],"_links":{"self":[{"href":"https:\/\/fiaf.net\/diaf\/wp-json\/wp\/v2\/pages\/8569","targetHints":{"allow":["GET"]}}],"collection":[{"href":"https:\/\/fiaf.net\/diaf\/wp-json\/wp\/v2\/pages"}],"about":[{"href":"https:\/\/fiaf.net\/diaf\/wp-json\/wp\/v2\/types\/page"}],"author":[{"embeddable":true,"href":"https:\/\/fiaf.net\/diaf\/wp-json\/wp\/v2\/users\/59"}],"replies":[{"embeddable":true,"href":"https:\/\/fiaf.net\/diaf\/wp-json\/wp\/v2\/comments?post=8569"}],"version-history":[{"count":2,"href":"https:\/\/fiaf.net\/diaf\/wp-json\/wp\/v2\/pages\/8569\/revisions"}],"predecessor-version":[{"id":8571,"href":"https:\/\/fiaf.net\/diaf\/wp-json\/wp\/v2\/pages\/8569\/revisions\/8571"}],"wp:attachment":[{"href":"https:\/\/fiaf.net\/diaf\/wp-json\/wp\/v2\/media?parent=8569"}],"curies":[{"name":"wp","href":"https:\/\/api.w.org\/{rel}","templated":true}]}}