{"id":3890,"date":"2020-06-22T16:00:52","date_gmt":"2020-06-22T14:00:52","guid":{"rendered":"https:\/\/fiaf.net\/regioni\/nazionale\/?page_id=3890"},"modified":"2020-06-22T16:00:52","modified_gmt":"2020-06-22T14:00:52","slug":"sostieni-la-fiaf-basta-un-caffe-per-fare-la-differenza","status":"publish","type":"page","link":"https:\/\/fiaf.net\/nazionale\/sostieni-la-fiaf-basta-un-caffe-per-fare-la-differenza\/","title":{"rendered":"Sostieni la FIAF! Basta un caff\u00e8 per fare la differenza"},"content":{"rendered":"<p>Sin dal 1948, la FIAF rappresenta la pi\u00f9 diffusa rea<!--more-->lt\u00e0 fotografica nazionale. \u00a0 70 anni durante i quali abbiamo formato generazioni di fotoamatori,\u00a070 anni in cui abbiamo gioito dei traguardi dei nostri soci, dei tanti che venivano consacrati come Autori o che si affermavano nei concorsi internazionali, ma anche dei tantissimi che hanno trovato nella fotografia la possibilit\u00e0 di esprimersi.<\/p>\n<p>Purtroppo gli effetti del Covid-19 stanno creando serie difficolt\u00e0 alla tenuta economica della nostra Associazione, oggi come non mai abbiamo bisogno di sentirvi al nostro fianco, attraverso ad un piccolo sostegno ma fondamentale per la FIAF.<\/p>\n<p><strong>Una microdonazione,\u00a0un semplice caff\u00e8 da quanti credono nel valore di ci\u00f2 che facciamo\u00a0\u00e8 quello che oggi ci consentirebbe di superare questo momento di grande difficolt\u00e0.<\/strong><\/p>\n<p style=\"text-align: left\"><em><strong>&#8230; Prendiamo un caff\u00e8 insieme?<\/strong><\/em><\/p>\n<p>&nbsp;<\/p>\n<p>Sostieni la FIAF, bastano\u00a0<strong>3 Euro<\/strong>\u00a0per fare la differenza.<\/p>\n<p>Se vuoi dare un contributo maggiore, puoi scegliere di fare una donazione di\u00a0<strong>15 Euro<\/strong>\u00a0e ricevere la mascherina personalizzata FIAF.<\/p>\n<p><span style=\"color: #ffffff\">Pulsante donazione Fi\u00a0 \u00a0 \u00a0 \u00a0 \u00a0 \u00a0 \u00a0 \u00a0<\/span><br \/>\n<img loading=\"lazy\" decoding=\"async\" alt=\"\" src=\"https:\/\/www.paypal.com\/it_IT\/i\/scr\/pixel.gif\" width=\"1\" height=\"1\" border=\"0\" \/>&nbsp;<\/p>\n<p><a href=\"https:\/\/fiaf.net\/nazionale\/wp-content\/uploads\/sites\/22\/2020\/06\/mascherina-FIAF_600px.jpg\"><img loading=\"lazy\" decoding=\"async\" class=\"alignnone size-full wp-image-3901\" alt=\"mascherina FIAF_600px\" src=\"https:\/\/fiaf.net\/nazionale\/wp-content\/uploads\/sites\/22\/2020\/06\/mascherina-FIAF_600px.jpg\" width=\"600\" height=\"450\" srcset=\"https:\/\/fiaf.net\/nazionale\/wp-content\/uploads\/sites\/22\/2020\/06\/mascherina-FIAF_600px.jpg 600w, https:\/\/fiaf.net\/nazionale\/wp-content\/uploads\/sites\/22\/2020\/06\/mascherina-FIAF_600px-300x225.jpg 300w\" sizes=\"auto, (max-width: 600px) 100vw, 600px\" \/><\/a><\/p>\n<p><img loading=\"lazy\" decoding=\"async\" alt=\"\" src=\"https:\/\/www.paypal.com\/it_IT\/i\/scr\/pixel.gif\" width=\"1\" height=\"1\" border=\"0\" \/><\/p>\n<p>&nbsp;<\/p>\n<p><a href=\"https:\/\/fiaf.net\/nazionale\/wp-content\/uploads\/sites\/22\/2020\/06\/Immagine_evidenza_aggregatore.jpg\"><img loading=\"lazy\" decoding=\"async\" class=\"alignnone size-full wp-image-3905\" alt=\"Immagine_evidenza_aggregatore\" src=\"https:\/\/fiaf.net\/nazionale\/wp-content\/uploads\/sites\/22\/2020\/06\/Immagine_evidenza_aggregatore.jpg\" width=\"630\" height=\"444\" srcset=\"https:\/\/fiaf.net\/nazionale\/wp-content\/uploads\/sites\/22\/2020\/06\/Immagine_evidenza_aggregatore.jpg 630w, https:\/\/fiaf.net\/nazionale\/wp-content\/uploads\/sites\/22\/2020\/06\/Immagine_evidenza_aggregatore-300x211.jpg 300w\" sizes=\"auto, (max-width: 630px) 100vw, 630px\" \/><\/a><\/p>\n\n    <div class=\"xs_social_share_widget xs_share_url after_content \t\tmain_content  wslu-style-1 wslu-share-box-shaped wslu-fill-colored wslu-none wslu-share-horizontal wslu-theme-font-no wslu-main_content\">\n\n\t\t\n        <ul>\n\t\t\t        <\/ul>\n    <\/div> \n","protected":false},"excerpt":{"rendered":"<p>Sin dal 1948, la FIAF rappresenta la pi\u00f9 diffusa realt\u00e0 fotografica nazionale. \u00a0 70 anni durante i quali abbiamo formato &hellip;<\/p>\n","protected":false},"author":1,"featured_media":0,"parent":0,"menu_order":0,"comment_status":"closed","ping_status":"closed","template":"","meta":{"_acf_changed":false,"footnotes":""},"class_list":["post-3890","page","type-page","status-publish","hentry"],"acf":[],"_links":{"self":[{"href":"https:\/\/fiaf.net\/nazionale\/wp-json\/wp\/v2\/pages\/3890","targetHints":{"allow":["GET"]}}],"collection":[{"href":"https:\/\/fiaf.net\/nazionale\/wp-json\/wp\/v2\/pages"}],"about":[{"href":"https:\/\/fiaf.net\/nazionale\/wp-json\/wp\/v2\/types\/page"}],"author":[{"embeddable":true,"href":"https:\/\/fiaf.net\/nazionale\/wp-json\/wp\/v2\/users\/1"}],"replies":[{"embeddable":true,"href":"https:\/\/fiaf.net\/nazionale\/wp-json\/wp\/v2\/comments?post=3890"}],"version-history":[{"count":0,"href":"https:\/\/fiaf.net\/nazionale\/wp-json\/wp\/v2\/pages\/3890\/revisions"}],"wp:attachment":[{"href":"https:\/\/fiaf.net\/nazionale\/wp-json\/wp\/v2\/media?parent=3890"}],"curies":[{"name":"wp","href":"https:\/\/api.w.org\/{rel}","templated":true}]}}