{"id":247,"date":"2019-03-13T08:53:36","date_gmt":"2019-03-13T07:53:36","guid":{"rendered":"https:\/\/fiaf.net\/social\/?page_id=247"},"modified":"2019-03-13T08:53:36","modified_gmt":"2019-03-13T07:53:36","slug":"portfolio_online","status":"publish","type":"page","link":"https:\/\/fiaf.net\/social\/fiafers\/portfolio_online\/","title":{"rendered":"Regolamento   &#8220;1\u00b0 Laboratorio per Portfolio online&#8221;"},"content":{"rendered":"<p style=\"text-align: center\"><a href=\"https:\/\/fiaf.net\/social\/wp-content\/uploads\/sites\/25\/2021\/02\/logo-lab-portf.jpg\"><img loading=\"lazy\" decoding=\"async\" class=\"alignnone wp-image-862\" src=\"https:\/\/fiaf.net\/social\/wp-content\/uploads\/sites\/25\/2021\/02\/logo-lab-portf-300x200.jpg\" alt=\"\" width=\"345\" height=\"230\" srcset=\"https:\/\/fiaf.net\/social\/wp-content\/uploads\/sites\/25\/2021\/02\/logo-lab-portf-300x200.jpg 300w, https:\/\/fiaf.net\/social\/wp-content\/uploads\/sites\/25\/2021\/02\/logo-lab-portf-768x512.jpg 768w, https:\/\/fiaf.net\/social\/wp-content\/uploads\/sites\/25\/2021\/02\/logo-lab-portf.jpg 972w\" sizes=\"auto, (max-width: 345px) 100vw, 345px\" \/><\/a><\/p>\n<p>&nbsp;<\/p>\n<ol>\n<li>La FIAF, Federazione Italiana Associazioni Fotografiche, propone, per i primi mesi del 2021, un calendario di quattro nuovi Eventi di lettura di Portfolio online. Lo scopo dell\u2019Iniziativa \u00e8 quello di creare delle occasioni di confronto e di formazione per la creazione o la rifinitura di Portfolio fotografici, un Laboratorio nel quale ogni Appassionato di questa forma espressiva possa conseguire la migliore conoscenza degli strumenti atti a sviluppare e perfezionare il proprio Portfolio; dopodich\u00e9, se lo vorr\u00e0, potr\u00e0 cimentarsi, con maggior padronanza, ai tavoli di lettura di \u201c<em>Portfolio Italia\u201d<\/em>, il pi\u00f9 importante Circuito annuale di questa forma espressiva.<\/li>\n<li>I quattro singoli Eventi, che avranno cadenza mensile, si svolgeranno nei mesi di marzo, aprile e maggio. Saranno coordinati dalla FIAF tramite un Comitato Promotore composto da Massimo Bardelli, Stefania Lasagni, Massimo Mazzoli e Fulvio Merlak; tuttavia saranno condotti da quattro Gruppi Organizzatori, iscritti alla Federazione, con specifiche esperienze formative legate al Portfolio fotografico.<\/li>\n<li>Calendario del \u00ab1\u00b0 Laboratorio per Portfolio online\u00bb:<\/li>\n<\/ol>\n<p>&nbsp;<\/p>\n<table class=\" aligncenter\">\n<tbody>\n<tr>\n<td width=\"273\"><strong>GRUPPO ORGANIZZATORE<\/strong><\/td>\n<td width=\"236\"><strong>DATE<\/strong><\/td>\n<td width=\"131\"><strong>LOCALIT\u00c0<\/strong><\/td>\n<\/tr>\n<tr>\n<td width=\"273\"><\/td>\n<td width=\"236\"><\/td>\n<td width=\"131\"><\/td>\n<\/tr>\n<tr>\n<td width=\"273\"><strong>Carpi Foto Fest<\/strong><\/p>\n<p>Gruppo Fotografico Grandangolo BFI<\/td>\n<td width=\"236\">06 marzo 2021<\/td>\n<td width=\"131\">Carpi<\/td>\n<\/tr>\n<tr>\n<td width=\"273\"><strong>The Fiafers Meet <\/strong><em><strong>on line\u00a0<\/strong> \u00a0 \u00a0 \u00a0\u00a0<\/em><\/p>\n<p>Magazzino 120, Collettivo 42<\/td>\n<td width=\"236\">27 marzo 2021<\/td>\n<td width=\"131\">Viterbo<\/td>\n<\/tr>\n<tr>\n<td width=\"273\"><strong>Phestival<\/strong><\/p>\n<p>Officine Creative Italiane<\/td>\n<td width=\"236\">17 aprile 2021<\/td>\n<td width=\"131\">Perugia<\/td>\n<\/tr>\n<tr>\n<td width=\"273\"><strong>Photo Portfolio Firenze on line<\/strong><\/p>\n<p>GF Rifredi Immagine<\/td>\n<td width=\"236\">09 maggio 2021<\/td>\n<td width=\"131\">Firenze<\/td>\n<\/tr>\n<\/tbody>\n<\/table>\n<p>4. A met\u00e0 del mese di febbraio 2021 \u00e8 previsto un incontro di presentazione online, durante il quale il Comitato Promotore e i Responsabili dei Gruppi Organizzatori si confronteranno sull\u2019argomento \u201cPortfolio Fotografico\u201d.<\/p>\n<p>5. Le iscrizioni alle letture, cos\u00ec come le gestioni dei siti Internet con le griglie di partecipazione, saranno curate dai singoli Gruppi Organizzatori. Il Comitato Promotore si riserva la facolt\u00e0 di chiedere informazioni circa l\u2019andamento delle iscrizioni per agevolare eventuali inserimenti di Autori interessati.<\/p>\n<p>6. I costi relativi all\u2019apertura delle stanze virtuali saranno a carico dei singoli Gruppi Organizzatori, cos\u00ec come la libert\u00e0 di scegliere il numero di Lettori da coinvolgere (minimo sei), che dovranno essere individuati tra le figure appartenenti ai Dipartimenti Cultura e Manifestazioni della FIAF.<\/p>\n<p>7. La partecipazione (aperta a tutti, inclusi i Soci dei Gruppi Organizzatori) \u00e8 gratuita per i Soci regolarmente iscritti alla FIAF, mentre \u00e8 fissata in Euro 10,00 (per ogni singolo Evento) per quanti non risultano iscritti alla Federazione. Inoltre, in occasione di questo \u00ab1\u00b0 Laboratorio per Portfolio online\u00bb \u00e8 prevista la possibilit\u00e0 di iscriversi alla FIAF al costo agevolato di Euro 35,00 nel caso di primo tesseramento, e di poter successivamente partecipare gratuitamente ai quattro Eventi.<\/p>\n<p>Le quote d\u2019iscrizione andranno versate direttamente alla FIAF.<\/p>\n<p>Le Segreterie dei quattro Gruppi Organizzatori saranno tenute a verificare, tramite la Segreteria della FIAF, l\u2019avvenuto versamento delle quote d\u2019iscrizione, oppure l\u2019effettiva iscrizione alla FIAF, per confermare l\u2019ammissione del singolo Partecipante.<\/p>\n<p>Per le iscrizioni andr\u00e0 utilizzata esclusivamente la modulistica predisposta dal Comitato Promotore.<\/p>\n<p>Ogni Partecipante dovr\u00e0 inviare alla Segreteria del Gruppo Organizzatore i file costituenti i Portfolio da sottoporre alle letture. Detti file dovranno riportare nome e cognome dell\u2019Autore, dovranno avere dimensioni di 300 dpi e di 2000 pixel sul lato pi\u00f9 lungo dell\u2019immagine, e infine dovranno essere accompagnati da una breve presentazione.<\/p>\n<p>8. Ogni Gruppo Organizzatore \u00e8 tenuto a raccogliere i nominativi dei Partecipanti alle letture, con relativi recapiti telefonici ed informatici, e a fornirli, tramite il Comitato Promotore, alla FIAF.<\/p>\n<p>9. Lo svolgimento di ogni singolo Evento \u00e8 previsto in un&#8217;unica giornata, sabato o domenica, a libera scelta dei Gruppi Organizzatori nell\u2019ambito del calendario prestabilito.<\/p>\n<p>10. Ogni Partecipante potr\u00e0 prenotare un massimo di due letture per Evento (ognuna con un Lettore differente) e potr\u00e0 presentare un solo lavoro per sessione. Ogni lettura avr\u00e0 la consueta durata di 20 minuti.<\/p>\n<p>11. Al termine degli incontri di lettura di ogni singolo Evento, ogni Lettore segnaler\u00e0 alla Segreteria del Gruppo Organizzatore due opere da portare in Giuria. Dopodich\u00e9 tutti i Lettori si riuniranno in un\u2019apposita camera virtuale per esaminare le opere selezionate. La Giuria di ogni singolo Evento sar\u00e0 presieduta da un Presidente nominato dal Gruppo Organizzatore fra i Lettori coinvolti. Al termine della riunione, la Giuria indicher\u00e0 al Comitato Promotore il Portfolio pi\u00f9 apprezzato e rediger\u00e0 la motivazione della preferenza.<\/p>\n<p>12. Il Comitato Promotore potr\u00e0 partecipare alle riunioni di Giuria in semplice veste di coordinatore dei lavori e di compilatore del verbale, senza interferire in alcun modo nelle scelte della Giuria.<\/p>\n<p>13.Al termine dei quattro Eventi, i lavori selezionati saranno esposti negli spazi del CIFA (Centro Italiano della Fotografia d\u2019Autore) di Bibbiena, nel contesto della Mostra finale di <em>\u201cPortfolio Italia\u201d.<\/em><\/p>\n<p>14. Ogni Gruppo Organizzatore potr\u00e0, inoltre, definire ulteriori premi e segnalazioni a suo piacimento.<\/p>\n<p>&nbsp;<\/p>\n<p style=\"text-align: center\"><a href=\"https:\/\/fiaf.net\/social\/wp-content\/uploads\/2021\/02\/tappe-1.jpg\"><img loading=\"lazy\" decoding=\"async\" class=\"alignnone wp-image-874\" src=\"https:\/\/fiaf.net\/social\/wp-content\/uploads\/2021\/02\/tappe-1-300x300.jpg\" alt=\"\" width=\"562\" height=\"562\" \/><\/a><\/p>\n<p>&nbsp;<\/p>\n<p>&nbsp;<\/p>\n<p>&nbsp;<\/p>\n<p>&nbsp;<\/p>\n<p>&nbsp;<\/p>\n\n    <div class=\"xs_social_share_widget xs_share_url after_content \t\tmain_content  wslu-style-1 wslu-share-box-shaped wslu-fill-colored wslu-none wslu-share-horizontal wslu-theme-font-no wslu-main_content\">\n\n\t\t\n        <ul>\n\t\t\t        <\/ul>\n    <\/div> \n","protected":false},"excerpt":{"rendered":"<p>&nbsp; La FIAF, Federazione Italiana Associazioni Fotografiche, propone, per i primi mesi del 2021, un calendario di quattro nuovi Eventi &hellip;<\/p>\n","protected":false},"author":64,"featured_media":0,"parent":12,"menu_order":0,"comment_status":"closed","ping_status":"closed","template":"","meta":{"_acf_changed":false,"footnotes":""},"class_list":["post-247","page","type-page","status-publish","hentry"],"acf":[],"_links":{"self":[{"href":"https:\/\/fiaf.net\/social\/wp-json\/wp\/v2\/pages\/247","targetHints":{"allow":["GET"]}}],"collection":[{"href":"https:\/\/fiaf.net\/social\/wp-json\/wp\/v2\/pages"}],"about":[{"href":"https:\/\/fiaf.net\/social\/wp-json\/wp\/v2\/types\/page"}],"author":[{"embeddable":true,"href":"https:\/\/fiaf.net\/social\/wp-json\/wp\/v2\/users\/64"}],"replies":[{"embeddable":true,"href":"https:\/\/fiaf.net\/social\/wp-json\/wp\/v2\/comments?post=247"}],"version-history":[{"count":0,"href":"https:\/\/fiaf.net\/social\/wp-json\/wp\/v2\/pages\/247\/revisions"}],"up":[{"embeddable":true,"href":"https:\/\/fiaf.net\/social\/wp-json\/wp\/v2\/pages\/12"}],"wp:attachment":[{"href":"https:\/\/fiaf.net\/social\/wp-json\/wp\/v2\/media?parent=247"}],"curies":[{"name":"wp","href":"https:\/\/api.w.org\/{rel}","templated":true}]}}