{"id":11583,"date":"2021-02-02T19:22:59","date_gmt":"2021-02-02T18:22:59","guid":{"rendered":"https:\/\/fiaf.net\/regioni\/veneto\/?page_id=11583"},"modified":"2021-02-02T19:22:59","modified_gmt":"2021-02-02T18:22:59","slug":"pd-antenore","status":"publish","type":"page","link":"https:\/\/fiaf.net\/veneto\/circoli\/pd-antenore\/","title":{"rendered":"PD Antenore"},"content":{"rendered":"<div style=\"width: 40%;float: right;margin-left: 3rem\"><span style=\"color: #0000ff\">PD &#8211; PADOVA<\/span><br \/>\n<span style=\"color: #0000ff\"> (1788) &#8211; GRUPPO FOTOGRAFICO ANTENORE &#8211; BFI<\/span><br \/>\n<span style=\"color: #0000ff\"> Anno fondazione: 1991 &#8211; Soci iscritti FIAF: 13<\/span><br \/>\n<span style=\"color: #0000ff\"> Presso:<\/span><br \/>\n<span style=\"color: #0000ff\"> UNIVERSITA&#8217; POPOLARE DI PADOVA<\/span><br \/>\n<span style=\"color: #0000ff\"> CORSO GARIBALDI 41\/1<\/span><br \/>\n<span style=\"color: #0000ff\"> 35122 PADOVA PD<\/span><br \/>\n<span style=\"color: #0000ff\"> Ritrovo: CORSO GARIBALDI 41\/1- UNIVERSITA&#8217; POPOLARE DI PADOVA 35122 PADOVA PD<\/span><br \/>\n<span style=\"color: #0000ff\"> Riunione: MARTEDI&#8217; ore: 21:00<\/span><br \/>\n<span style=\"color: #0000ff\"> Recapiti:<\/span><br \/>\n<span style=\"color: #0000ff\"> telefono: **********<\/span><br \/>\n<span style=\"color: #0000ff\"> sito web: www.fotoantenore.org<\/span><br \/>\n<span style=\"color: #0000ff\"> email: info@fotoantenore.org<\/span><br \/>\n<span style=\"color: #0000ff\"> Cariche:<\/span><br \/>\n<span style=\"color: #0000ff\"> Presidente: CHECCHETTO MICHELA,<\/span><br \/>\n<span style=\"color: #0000ff\"> Vice presidente: NALIN ALESSANDRO,<\/span><br \/>\n<span style=\"color: #0000ff\"> Segretario: BIZZOTTO GIUSEPPE<\/span><\/div>\n<p><img loading=\"lazy\" decoding=\"async\" class=\"alignleft wp-image-5228 size-medium\" src=\"https:\/\/fiaf.net\/regioni\/veneto\/wp-content\/uploads\/2014\/12\/logo-gf-antenore-300x300.jpg\" alt=\"logo gf antenore\" width=\"300\" height=\"300\" srcset=\"https:\/\/fiaf.net\/veneto\/wp-content\/uploads\/sites\/7\/2014\/12\/logo-gf-antenore-300x300.jpg 300w, https:\/\/fiaf.net\/veneto\/wp-content\/uploads\/sites\/7\/2014\/12\/logo-gf-antenore-150x150.jpg 150w, https:\/\/fiaf.net\/veneto\/wp-content\/uploads\/sites\/7\/2014\/12\/logo-gf-antenore.jpg 512w\" sizes=\"auto, (max-width: 300px) 100vw, 300px\" \/><br \/>\nIl <strong>Gruppo Fotografico Antenore<\/strong> di Padova \u00e8 un\u2019associazione senza fini di lucro costituita nel 1991 con il proposito di diffondere, attraverso attivit\u00e0 di tipo formativo, divulgativo, espositivo, la conoscenza del linguaggio fotografico: un impegno per il quale il GFA \u00e8 stato insignito del titolo di Benemerito della Fotografia Italiana da parte della FIAF.<br \/>\nIl GFA si rivolge a tutti coloro che credono che la fotografia non sia solo un momento ludico ma, soprattutto, uno strumento culturale e artistico e vogliono confrontarsi con altri fotografi &#8211; amatoriali e non &#8211; che condividono la loro stessa passione approfondendo nel contempo le loro conoscenze tecniche ed estetiche.<br \/>\nIl bello della fotografia \u00e8 essenzialmente catturare la vita, farne sentire i rumori, le risonanze interiori, i momenti, le cronache ma \u00e8 anche la possibilit\u00e0 di disegnare e raffinare le proprie immagini, acquisire una sapienza compositiva condividendola con altri appassionati.<br \/>\nEd \u00e8 per questo che nel 1991 Gustavo Millozzi, con un gruppo di volonterosi fotografi, fonda il Gruppo Fotografico Antenore.<br \/>\nIn questi anni abbiamo ospitato importanti fotografi e studiosi di fotografia, fotoamatori e professionisti, che con i loro interventi hanno sicuramente arricchito la nostra cultura, non solo per quanto riguarda gli aspetti formali della fotografia, ma soprattutto nel saper comprendere e leggere i significati e i messaggi trasmessi attraverso il linguaggio fotografico.<br \/>\nCi siamo inoltre impegnati nell\u2019approfondire la formazione tecnica, attraverso 11 edizioni del corso base di fotografia e nel 2018 di un corso avanzato. Abbiamo organizzato molteplici workshop dedicati alla ripresa (ritratto in studio e ambientato, \u201cnude art\u201d, glamour, still life, light painting, fotografia notturna, macrofotografia naturalistica) ed alla postproduzione (Lightroom, Photoshop). Abbiamo riservato molti incontri alla fotografia dei soci del GFA, sia attraverso serate dell\u2019autore, sia con quelle denominate Skatti, Fuori il Portfolio e Dillo con una foto, nelle quali i soci presentano i loro portfoli (anche proposti con audiovisivi) e\/o scatti singoli. Oltre alle serate di condivisione delle immagini dei soci, il GFA periodicamente dedica le proprie serate di incontro ad approfondire aspetti culturali fotografici sia attraverso l\u2019approfondimento della produzione artistica di grandi autori che attraverso la conoscenza delle correnti fotografiche o anche dello sviluppo di determinate tematiche lungo l\u2019arco della storia della fotografia.<br \/>\nIn questo trentennio di storia del GFA sono state realizzate molte mostre, personali e collettive.<br \/>\nTra queste ricordiamo le ultime tre mostre realizzate in collaborazione con l\u2019Universit\u00e0 Popolare nell\u2019ambito del progetto \u201cSIGILLOIMMAGINE\u201d ed il Comune di Padova che ha voluto riservarci spazi espositivi di pregio quali la Galleria Samon\u00e0, il Centro Culturale San Gaetano e le Stanze della Fotografia di Palazzo Angeli. \u201cDalla Caricatura alla Fotografia \u2013 Disegni di Toto La Rosa rivisitati dal Gruppo Fotografico Antenore\u201d (2017) \u201cDalla Pittura alla Fotografia. I quadri di Gioacchino Bragato interpretati dal Gruppo Fotografico Antenore\u201d (2018), \u201cI Paesaggi dell\u2019Anima. Dalla scrittura alla fotografia\u201d (2019): in queste tre esposizioni collettive si \u00e8 voluto approfondire il confronto ed il dialogo tra linguaggi espressivi diversi.<br \/>\nDa ultimo, nel corso dell\u2019anno sociale 2018-2019, il Consiglio Direttivo del GFA ha proposto ai propri soci di sviluppare un lavoro di gruppo su un tema unico ovvero LA LUCE.<br \/>\nI soci hanno risposto con entusiasmo e sono cos\u00ec nati 5 gruppi di lavoro, composti da 23 nostri fotografi, che nel giugno 2019 hanno presentato, in forma di audiovisivo, i rispettivi lavori. Ognuno dei gruppi ha interpretato in modo originale il tema proposto ma soprattutto ha saputo cogliere i valori di condivisione e reciproca crescita che il lavorare \u201cin squadra\u201d porta con s\u00e9. Nel gennaio 2020 una mostra ha presentato al pubblico le immagini realizzate rendendo pertanto omaggio al valore del confronto e del lavoro sinergico di pi\u00f9 autori che bene hanno saputo rendere la propria personale seppur collettiva idea di LUCE. Attualmente i soci stanno lavorando ad un nuovo progetto sul tema \u201cIl Tempo\u201d che verr\u00e0 completato non appena il superamento dell\u2019attuale emergenza sanitaria permetter\u00e0 di poterci nuovamente incontrare.<br \/>\nQuesta ed altre iniziative intendono concorrere alla riscoperta del valore dello spirito associativo sia in ambito del GFA che in quello della FIAF.<br \/>\nAnche a tal scopo sono state create opportunit\u00e0 di condivisione ad esempio tramite uscite fotografiche, visite a mostre, laboratori volti alla realizzazione di progetti comuni che possano anche approfondire specifiche tecniche di scatto, partecipazione a concorsi, workshop, viaggi fotografici.<br \/>\nInoltre, consci del fatto che \u00e8 importante lasciare una traccia delle esperienze fotografiche dei propri soci, da alcuni anni, si \u00e8 deciso di realizzare delle pubblicazioni ed \u00e8 nata la collana \u201cEventi del GFA\u201d. Sono cos\u00ec stati autoprodotti, facendo particolare attenzione alla impaginazione grafica, diversi cataloghi delle mostre, collettive e personali, realizzate dai nostri soci.<br \/>\nNel 2018 abbiamo condiviso la soddisfazione del nostro fondatore e Presidente onorario, Gustavo Millozzi, che \u00e8 stato insignito dalla FIAF dell\u2019onorificenza EFI (Encomiabile della Fotografia Italiana).<br \/>\nE\u2019 la prima volta che questo riconoscimento individuale viene attribuito nella nostra regione dove Gustavo, da oltre sessantanni, oltre a regalarci la sua pregevole produzione fotografica e continuare a supportare l\u2019attivit\u00e0 del GFA, svolge con passione e dedizione la sua \u201cmissione\u201d di promotore del mondo della Fotografia.<br \/>\nPer la maggior parte del 2020 e tuttora l\u2019epidemia di Covid 19 non ha permesso ai nostri soci di incontrarsi presso la nostra sede ma le attivit\u00e0 sono proseguite tramite collegamenti settimanali su piattaforme digitali.<br \/>\nNel 2021 ricorre il trentennale della fondazione della nostra associazione e stiamo progettando per il prossimo autunno una mostra fotografica che possa testimoniare il nostro percorso e la nostra passione per questa straordinaria forma di espressione visiva.<\/p>\n<hr \/>\n<div id='gallery-1' class='gallery galleryid-11583 gallery-columns-3 gallery-size-medium'><figure class='gallery-item'>\n\t\t\t<div class='gallery-icon landscape'>\n\t\t\t\t<a href='https:\/\/fiaf.net\/veneto\/circoli\/pd-antenore\/gf-antenore-1\/'><img loading=\"lazy\" decoding=\"async\" width=\"300\" height=\"225\" src=\"https:\/\/fiaf.net\/veneto\/wp-content\/uploads\/sites\/7\/2021\/02\/gf-antenore-1-300x225.jpg\" class=\"attachment-medium size-medium\" alt=\"\" srcset=\"https:\/\/fiaf.net\/veneto\/wp-content\/uploads\/sites\/7\/2021\/02\/gf-antenore-1-300x225.jpg 300w, https:\/\/fiaf.net\/veneto\/wp-content\/uploads\/sites\/7\/2021\/02\/gf-antenore-1-768x576.jpg 768w, https:\/\/fiaf.net\/veneto\/wp-content\/uploads\/sites\/7\/2021\/02\/gf-antenore-1.jpg 1024w\" sizes=\"auto, (max-width: 300px) 100vw, 300px\" \/><\/a>\n\t\t\t<\/div><\/figure><figure class='gallery-item'>\n\t\t\t<div class='gallery-icon landscape'>\n\t\t\t\t<a href='https:\/\/fiaf.net\/veneto\/circoli\/pd-antenore\/gf-antenore-2\/'><img loading=\"lazy\" decoding=\"async\" width=\"300\" height=\"200\" src=\"https:\/\/fiaf.net\/veneto\/wp-content\/uploads\/sites\/7\/2021\/02\/gf-antenore-2-300x200.jpg\" class=\"attachment-medium size-medium\" alt=\"\" srcset=\"https:\/\/fiaf.net\/veneto\/wp-content\/uploads\/sites\/7\/2021\/02\/gf-antenore-2-300x200.jpg 300w, https:\/\/fiaf.net\/veneto\/wp-content\/uploads\/sites\/7\/2021\/02\/gf-antenore-2-768x512.jpg 768w, https:\/\/fiaf.net\/veneto\/wp-content\/uploads\/sites\/7\/2021\/02\/gf-antenore-2.jpg 1024w\" sizes=\"auto, (max-width: 300px) 100vw, 300px\" \/><\/a>\n\t\t\t<\/div><\/figure><figure class='gallery-item'>\n\t\t\t<div class='gallery-icon portrait'>\n\t\t\t\t<a href='https:\/\/fiaf.net\/veneto\/circoli\/pd-antenore\/gf-antenore-3\/'><img loading=\"lazy\" decoding=\"async\" width=\"225\" height=\"300\" src=\"https:\/\/fiaf.net\/veneto\/wp-content\/uploads\/sites\/7\/2021\/02\/gf-antenore-3-1-225x300.jpg\" class=\"attachment-medium size-medium\" alt=\"\" srcset=\"https:\/\/fiaf.net\/veneto\/wp-content\/uploads\/sites\/7\/2021\/02\/gf-antenore-3-1-225x300.jpg 225w, https:\/\/fiaf.net\/veneto\/wp-content\/uploads\/sites\/7\/2021\/02\/gf-antenore-3-1-768x1024.jpg 768w, https:\/\/fiaf.net\/veneto\/wp-content\/uploads\/sites\/7\/2021\/02\/gf-antenore-3-1-1152x1536.jpg 1152w, https:\/\/fiaf.net\/veneto\/wp-content\/uploads\/sites\/7\/2021\/02\/gf-antenore-3-1.jpg 1512w\" sizes=\"auto, (max-width: 225px) 100vw, 225px\" \/><\/a>\n\t\t\t<\/div><\/figure>\n\t\t<\/div>\n\n::<\/p>\n\n    <div class=\"xs_social_share_widget xs_share_url after_content \t\tmain_content  wslu-style-1 wslu-share-box-shaped wslu-fill-colored wslu-none wslu-share-horizontal wslu-theme-font-no wslu-main_content\">\n\n\t\t\n        <ul>\n\t\t\t        <\/ul>\n    <\/div> \n","protected":false},"excerpt":{"rendered":"<p>PD &#8211; PADOVA (1788) &#8211; GRUPPO FOTOGRAFICO ANTENORE &#8211; BFI Anno fondazione: 1991 &#8211; Soci iscritti FIAF: 13 Presso: UNIVERSITA&#8217; &hellip;<\/p>\n","protected":false},"author":3,"featured_media":0,"parent":162,"menu_order":0,"comment_status":"closed","ping_status":"closed","template":"","meta":{"_acf_changed":false,"footnotes":""},"class_list":["post-11583","page","type-page","status-publish","hentry"],"acf":[],"_links":{"self":[{"href":"https:\/\/fiaf.net\/veneto\/wp-json\/wp\/v2\/pages\/11583","targetHints":{"allow":["GET"]}}],"collection":[{"href":"https:\/\/fiaf.net\/veneto\/wp-json\/wp\/v2\/pages"}],"about":[{"href":"https:\/\/fiaf.net\/veneto\/wp-json\/wp\/v2\/types\/page"}],"author":[{"embeddable":true,"href":"https:\/\/fiaf.net\/veneto\/wp-json\/wp\/v2\/users\/3"}],"replies":[{"embeddable":true,"href":"https:\/\/fiaf.net\/veneto\/wp-json\/wp\/v2\/comments?post=11583"}],"version-history":[{"count":0,"href":"https:\/\/fiaf.net\/veneto\/wp-json\/wp\/v2\/pages\/11583\/revisions"}],"up":[{"embeddable":true,"href":"https:\/\/fiaf.net\/veneto\/wp-json\/wp\/v2\/pages\/162"}],"wp:attachment":[{"href":"https:\/\/fiaf.net\/veneto\/wp-json\/wp\/v2\/media?parent=11583"}],"curies":[{"name":"wp","href":"https:\/\/api.w.org\/{rel}","templated":true}]}}

<div style="width: 40%;float: right;margin-left: 3rem"><span style="color: #0000ff">PD &#8211; PADOVA</span><br />
<span style="color: #0000ff"> (1788) &#8211; GRUPPO FOTOGRAFICO ANTENORE &#8211; BFI</span><br />
<span style="color: #0000ff"> Anno fondazione: 1991 &#8211; Soci iscritti FIAF: 13</span><br />
<span style="color: #0000ff"> Presso:</span><br />
<span style="color: #0000ff"> UNIVERSITA&#8217; POPOLARE DI PADOVA</span><br />
<span style="color: #0000ff"> CORSO GARIBALDI 41/1</span><br />
<span style="color: #0000ff"> 35122 PADOVA PD</span><br />
<span style="color: #0000ff"> Ritrovo: CORSO GARIBALDI 41/1- UNIVERSITA&#8217; POPOLARE DI PADOVA 35122 PADOVA PD</span><br />
<span style="color: #0000ff"> Riunione: MARTEDI&#8217; ore: 21:00</span><br />
<span style="color: #0000ff"> Recapiti:</span><br />
<span style="color: #0000ff"> telefono: **********</span><br />
<span style="color: #0000ff"> sito web: www.fotoantenore.org</span><br />
<span style="color: #0000ff"> email: info@fotoantenore.org</span><br />
<span style="color: #0000ff"> Cariche:</span><br />
<span style="color: #0000ff"> Presidente: CHECCHETTO MICHELA,</span><br />
<span style="color: #0000ff"> Vice presidente: NALIN ALESSANDRO,</span><br />
<span style="color: #0000ff"> Segretario: BIZZOTTO GIUSEPPE</span></div>
<p><img loading="lazy" decoding="async" class="alignleft wp-image-5228 size-medium" src="https://fiaf.net/regioni/veneto/wp-content/uploads/2014/12/logo-gf-antenore-300x300.jpg" alt="logo gf antenore" width="300" height="300" srcset="https://fiaf.net/veneto/wp-content/uploads/sites/7/2014/12/logo-gf-antenore-300x300.jpg 300w, https://fiaf.net/veneto/wp-content/uploads/sites/7/2014/12/logo-gf-antenore-150x150.jpg 150w, https://fiaf.net/veneto/wp-content/uploads/sites/7/2014/12/logo-gf-antenore.jpg 512w" sizes="auto, (max-width: 300px) 100vw, 300px" /><br />
Il <strong>Gruppo Fotografico Antenore</strong> di Padova è un’associazione senza fini di lucro costituita nel 1991 con il proposito di diffondere, attraverso attività di tipo formativo, divulgativo, espositivo, la conoscenza del linguaggio fotografico: un impegno per il quale il GFA è stato insignito del titolo di Benemerito della Fotografia Italiana da parte della FIAF.<br />
Il GFA si rivolge a tutti coloro che credono che la fotografia non sia solo un momento ludico ma, soprattutto, uno strumento culturale e artistico e vogliono confrontarsi con altri fotografi &#8211; amatoriali e non &#8211; che condividono la loro stessa passione approfondendo nel contempo le loro conoscenze tecniche ed estetiche.<br />
Il bello della fotografia è essenzialmente catturare la vita, farne sentire i rumori, le risonanze interiori, i momenti, le cronache ma è anche la possibilità di disegnare e raffinare le proprie immagini, acquisire una sapienza compositiva condividendola con altri appassionati.<br />
Ed è per questo che nel 1991 Gustavo Millozzi, con un gruppo di volonterosi fotografi, fonda il Gruppo Fotografico Antenore.<br />
In questi anni abbiamo ospitato importanti fotografi e studiosi di fotografia, fotoamatori e professionisti, che con i loro interventi hanno sicuramente arricchito la nostra cultura, non solo per quanto riguarda gli aspetti formali della fotografia, ma soprattutto nel saper comprendere e leggere i significati e i messaggi trasmessi attraverso il linguaggio fotografico.<br />
Ci siamo inoltre impegnati nell’approfondire la formazione tecnica, attraverso 11 edizioni del corso base di fotografia e nel 2018 di un corso avanzato. Abbiamo organizzato molteplici workshop dedicati alla ripresa (ritratto in studio e ambientato, “nude art”, glamour, still life, light painting, fotografia notturna, macrofotografia naturalistica) ed alla postproduzione (Lightroom, Photoshop). Abbiamo riservato molti incontri alla fotografia dei soci del GFA, sia attraverso serate dell’autore, sia con quelle denominate Skatti, Fuori il Portfolio e Dillo con una foto, nelle quali i soci presentano i loro portfoli (anche proposti con audiovisivi) e/o scatti singoli. Oltre alle serate di condivisione delle immagini dei soci, il GFA periodicamente dedica le proprie serate di incontro ad approfondire aspetti culturali fotografici sia attraverso l’approfondimento della produzione artistica di grandi autori che attraverso la conoscenza delle correnti fotografiche o anche dello sviluppo di determinate tematiche lungo l’arco della storia della fotografia.<br />
In questo trentennio di storia del GFA sono state realizzate molte mostre, personali e collettive.<br />
Tra queste ricordiamo le ultime tre mostre realizzate in collaborazione con l’Università Popolare nell’ambito del progetto “SIGILLOIMMAGINE” ed il Comune di Padova che ha voluto riservarci spazi espositivi di pregio quali la Galleria Samonà, il Centro Culturale San Gaetano e le Stanze della Fotografia di Palazzo Angeli. “Dalla Caricatura alla Fotografia – Disegni di Toto La Rosa rivisitati dal Gruppo Fotografico Antenore” (2017) “Dalla Pittura alla Fotografia. I quadri di Gioacchino Bragato interpretati dal Gruppo Fotografico Antenore” (2018), “I Paesaggi dell’Anima. Dalla scrittura alla fotografia” (2019): in queste tre esposizioni collettive si è voluto approfondire il confronto ed il dialogo tra linguaggi espressivi diversi.<br />
Da ultimo, nel corso dell’anno sociale 2018-2019, il Consiglio Direttivo del GFA ha proposto ai propri soci di sviluppare un lavoro di gruppo su un tema unico ovvero LA LUCE.<br />
I soci hanno risposto con entusiasmo e sono così nati 5 gruppi di lavoro, composti da 23 nostri fotografi, che nel giugno 2019 hanno presentato, in forma di audiovisivo, i rispettivi lavori. Ognuno dei gruppi ha interpretato in modo originale il tema proposto ma soprattutto ha saputo cogliere i valori di condivisione e reciproca crescita che il lavorare “in squadra” porta con sé. Nel gennaio 2020 una mostra ha presentato al pubblico le immagini realizzate rendendo pertanto omaggio al valore del confronto e del lavoro sinergico di più autori che bene hanno saputo rendere la propria personale seppur collettiva idea di LUCE. Attualmente i soci stanno lavorando ad un nuovo progetto sul tema “Il Tempo” che verrà completato non appena il superamento dell’attuale emergenza sanitaria permetterà di poterci nuovamente incontrare.<br />
Questa ed altre iniziative intendono concorrere alla riscoperta del valore dello spirito associativo sia in ambito del GFA che in quello della FIAF.<br />
Anche a tal scopo sono state create opportunità di condivisione ad esempio tramite uscite fotografiche, visite a mostre, laboratori volti alla realizzazione di progetti comuni che possano anche approfondire specifiche tecniche di scatto, partecipazione a concorsi, workshop, viaggi fotografici.<br />
Inoltre, consci del fatto che è importante lasciare una traccia delle esperienze fotografiche dei propri soci, da alcuni anni, si è deciso di realizzare delle pubblicazioni ed è nata la collana “Eventi del GFA”. Sono così stati autoprodotti, facendo particolare attenzione alla impaginazione grafica, diversi cataloghi delle mostre, collettive e personali, realizzate dai nostri soci.<br />
Nel 2018 abbiamo condiviso la soddisfazione del nostro fondatore e Presidente onorario, Gustavo Millozzi, che è stato insignito dalla FIAF dell’onorificenza EFI (Encomiabile della Fotografia Italiana).<br />
E’ la prima volta che questo riconoscimento individuale viene attribuito nella nostra regione dove Gustavo, da oltre sessantanni, oltre a regalarci la sua pregevole produzione fotografica e continuare a supportare l’attività del GFA, svolge con passione e dedizione la sua “missione” di promotore del mondo della Fotografia.<br />
Per la maggior parte del 2020 e tuttora l’epidemia di Covid 19 non ha permesso ai nostri soci di incontrarsi presso la nostra sede ma le attività sono proseguite tramite collegamenti settimanali su piattaforme digitali.<br />
Nel 2021 ricorre il trentennale della fondazione della nostra associazione e stiamo progettando per il prossimo autunno una mostra fotografica che possa testimoniare il nostro percorso e la nostra passione per questa straordinaria forma di espressione visiva.</p>
<hr />
<div id='gallery-1' class='gallery galleryid-11583 gallery-columns-3 gallery-size-medium'><figure class='gallery-item'>
			<div class='gallery-icon landscape'>
				<a href='https://fiaf.net/veneto/circoli/pd-antenore/gf-antenore-1/'><img loading="lazy" decoding="async" width="300" height="225" src="https://fiaf.net/veneto/wp-content/uploads/sites/7/2021/02/gf-antenore-1-300x225.jpg" class="attachment-medium size-medium" alt="" srcset="https://fiaf.net/veneto/wp-content/uploads/sites/7/2021/02/gf-antenore-1-300x225.jpg 300w, https://fiaf.net/veneto/wp-content/uploads/sites/7/2021/02/gf-antenore-1-768x576.jpg 768w, https://fiaf.net/veneto/wp-content/uploads/sites/7/2021/02/gf-antenore-1.jpg 1024w" sizes="auto, (max-width: 300px) 100vw, 300px" /></a>
			</div></figure><figure class='gallery-item'>
			<div class='gallery-icon landscape'>
				<a href='https://fiaf.net/veneto/circoli/pd-antenore/gf-antenore-2/'><img loading="lazy" decoding="async" width="300" height="200" src="https://fiaf.net/veneto/wp-content/uploads/sites/7/2021/02/gf-antenore-2-300x200.jpg" class="attachment-medium size-medium" alt="" srcset="https://fiaf.net/veneto/wp-content/uploads/sites/7/2021/02/gf-antenore-2-300x200.jpg 300w, https://fiaf.net/veneto/wp-content/uploads/sites/7/2021/02/gf-antenore-2-768x512.jpg 768w, https://fiaf.net/veneto/wp-content/uploads/sites/7/2021/02/gf-antenore-2.jpg 1024w" sizes="auto, (max-width: 300px) 100vw, 300px" /></a>
			</div></figure><figure class='gallery-item'>
			<div class='gallery-icon portrait'>
				<a href='https://fiaf.net/veneto/circoli/pd-antenore/gf-antenore-3/'><img loading="lazy" decoding="async" width="225" height="300" src="https://fiaf.net/veneto/wp-content/uploads/sites/7/2021/02/gf-antenore-3-1-225x300.jpg" class="attachment-medium size-medium" alt="" srcset="https://fiaf.net/veneto/wp-content/uploads/sites/7/2021/02/gf-antenore-3-1-225x300.jpg 225w, https://fiaf.net/veneto/wp-content/uploads/sites/7/2021/02/gf-antenore-3-1-768x1024.jpg 768w, https://fiaf.net/veneto/wp-content/uploads/sites/7/2021/02/gf-antenore-3-1-1152x1536.jpg 1152w, https://fiaf.net/veneto/wp-content/uploads/sites/7/2021/02/gf-antenore-3-1.jpg 1512w" sizes="auto, (max-width: 225px) 100vw, 225px" /></a>
			</div></figure>
		</div>

::</p>

    <div class="xs_social_share_widget xs_share_url after_content 		main_content  wslu-style-1 wslu-share-box-shaped wslu-fill-colored wslu-none wslu-share-horizontal wslu-theme-font-no wslu-main_content">

		
        <ul>
			        </ul>
    </div>
